Last updated on 2022-07-03 03:50:09 CEST.
Flavor | Version | Tinstall | Tcheck | Ttotal | Status | Flags |
---|---|---|---|---|---|---|
r-devel-linux-x86_64-debian-clang | 0.3.3 | 15.88 | 207.89 | 223.77 | NOTE | |
r-devel-linux-x86_64-debian-gcc | 0.3.3 | 12.10 | 152.55 | 164.65 | NOTE | |
r-devel-linux-x86_64-fedora-clang | 0.3.3 | 250.36 | NOTE | |||
r-devel-linux-x86_64-fedora-gcc | 0.3.3 | 236.03 | NOTE | |||
r-devel-windows-x86_64 | 0.3.3 | 55.00 | 229.00 | 284.00 | OK | |
r-patched-linux-x86_64 | 0.3.3 | 14.26 | 194.19 | 208.45 | NOTE | |
r-release-linux-x86_64 | 0.3.3 | 13.64 | 196.45 | 210.09 | NOTE | |
r-release-macos-arm64 | 0.3.3 | 76.00 | OK | |||
r-release-macos-x86_64 | 0.3.3 | 113.00 | OK | |||
r-release-windows-x86_64 | 0.3.3 | 61.00 | 231.00 | 292.00 | OK | |
r-oldrel-macos-arm64 | 0.3.3 | 69.00 | OK | |||
r-oldrel-macos-x86_64 | 0.3.3 | 106.00 | OK | |||
r-oldrel-windows-ix86+x86_64 | 0.3.3 | 29.00 | 232.00 | 261.00 | OK |
Version: 0.3.3
Check: package dependencies
Result: NOTE
Package suggested but not available for checking: 'mallet'
Flavors: r-devel-linux-x86_64-debian-clang, r-devel-linux-x86_64-debian-gcc, r-devel-linux-x86_64-fedora-clang, r-devel-linux-x86_64-fedora-gcc, r-patched-linux-x86_64, r-release-linux-x86_64
Version: 0.3.3
Check: Rd cross-references
Result: NOTE
Unknown package 'mallet' in Rd xrefs
Flavors: r-devel-linux-x86_64-debian-clang, r-devel-linux-x86_64-debian-gcc, r-devel-linux-x86_64-fedora-clang, r-devel-linux-x86_64-fedora-gcc, r-patched-linux-x86_64, r-release-linux-x86_64