CRAN Package Check Results for Package tidytext

Last updated on 2017-12-17 10:47:43 CET.

Flavor Version Tinstall Tcheck Ttotal Status Flags
r-devel-linux-x86_64-debian-clang 0.1.5 5.82 181.43 187.25 OK
r-devel-linux-x86_64-debian-gcc 0.1.5 5.70 139.99 145.69 OK
r-devel-linux-x86_64-fedora-clang 0.1.5 228.89 OK
r-devel-linux-x86_64-fedora-gcc 0.1.5 227.97 OK
r-devel-windows-ix86+x86_64 0.1.5 14.00 199.00 213.00 OK
r-patched-linux-x86_64 0.1.5 6.99 193.07 200.06 OK
r-patched-solaris-x86 0.1.5 354.80 OK
r-release-linux-x86_64 0.1.5 6.35 190.47 196.82 OK
r-release-windows-ix86+x86_64 0.1.5 12.00 199.00 211.00 OK
r-release-osx-x86_64 0.1.5 OK
r-oldrel-windows-ix86+x86_64 0.1.5 13.00 183.00 196.00 ERROR
r-oldrel-osx-x86_64 0.1.5 ERROR

Check Details

Version: 0.1.5
Check: tests
Result: ERROR
     Running 'testthat.R' [39s]
    Running the tests in 'tests/testthat.R' failed.
    Last 13 lines of output:
     stm v1.3.0 (2017-09-08) successfully loaded. See ?stm for help.
     2. Error: can augment an stm output (@test-stm-tidiers.R#74) -------------------
     no applicable method for 'as.dfm' applied to an object of class "c('dgCMatrix', 'CsparseMatrix', 'dsparseMatrix', 'generalMatrix', 'dCsparseMatrix', 'dMatrix', 'sparseMatrix', 'compMatrix', 'Matrix', 'xMatrix', 'mMatrix', 'Mnumeric', 'replValueSp')"
     1: augment(stm_model, data = inaug_tidied2) at testthat/test-stm-tidiers.R:74
     2: augment.STM(stm_model, data = inaug_tidied2)
     3: cast_dfm(data, document, term, value)
     4: quanteda::as.dfm(m)
    
     testthat results ================================================================
     OK: 208 SKIPPED: 0 FAILED: 2
     1. Error: Can cast tables into a sparse dfm (@test-sparse-casters.R#73)
     2. Error: can augment an stm output (@test-stm-tidiers.R#74)
    
     Error: testthat unit tests failed
     Execution halted
Flavor: r-oldrel-windows-ix86+x86_64

Version: 0.1.5
Check: re-building of vignette outputs
Result: WARN
    Error in re-building vignettes:
     ...
    Attaching package: 'dplyr'
    
    The following objects are masked from 'package:stats':
    
     filter, lag
    
    The following objects are masked from 'package:base':
    
     intersect, setdiff, setequal, union
    
    Joining, by = "book"
    `stat_bin()` using `bins = 30`. Pick better value with `binwidth`.
    Warning: Removed 896 rows containing non-finite values (stat_bin).
    Loading required package: NLP
    
    Attaching package: 'NLP'
    
    The following object is masked from 'package:ggplot2':
    
     annotate
    
    Quitting from lines 94-114 (tidying_casting.Rmd)
    Error: processing vignette 'tidying_casting.Rmd' failed with diagnostics:
    no applicable method for 'as.dfm' applied to an object of class "c('dgCMatrix', 'CsparseMatrix', 'dsparseMatrix', 'generalMatrix', 'dCsparseMatrix', 'dMatrix', 'sparseMatrix', 'compMatrix', 'Matrix', 'xMatrix', 'mMatrix', 'Mnumeric', 'replValueSp')"
    Execution halted
Flavor: r-oldrel-windows-ix86+x86_64

Version: 0.1.5
Check: tests
Result: ERROR
    Running the tests in ‘tests/testthat.R’ failed.
    Last 13 lines of output:
     ── 3. Failure: can glance an stm output (@test-stm-tidiers.R#85) ──────────────
     g$terms not equal to 5372.
     1/1 mismatches
     [1] 5340 - 5372 == -32
    
     ══ testthat results ═══════════════════════════════════════════════════════════
     OK: 207 SKIPPED: 0 FAILED: 3
     1. Error: Can cast tables into a sparse dfm (@test-sparse-casters.R#73)
     2. Error: can augment an stm output (@test-stm-tidiers.R#74)
     3. Failure: can glance an stm output (@test-stm-tidiers.R#85)
    
     Error: testthat unit tests failed
     Execution halted
Flavor: r-oldrel-osx-x86_64

Version: 0.1.5
Check: re-building of vignette outputs
Result: WARN
    Error in re-building vignettes:
     ...
    The following objects are masked from 'package:stats':
    
     filter, lag
    
    The following objects are masked from 'package:base':
    
     intersect, setdiff, setequal, union
    
    Joining, by = "book"
    `stat_bin()` using `bins = 30`. Pick better value with `binwidth`.
    Warning: Removed 896 rows containing non-finite values (stat_bin).
    Warning in engine$weave(file, quiet = quiet, encoding = enc) :
     Pandoc (>= 1.12.3) and/or pandoc-citeproc not available. Falling back to R Markdown v1.
    Loading required package: NLP
    
    Attaching package: 'NLP'
    
    The following object is masked from 'package:ggplot2':
    
     annotate
    
    Quitting from lines 94-114 (tidying_casting.Rmd)
    Error: processing vignette 'tidying_casting.Rmd' failed with diagnostics:
    as.dfm only applicable to matrix(-like) objects.
    Execution halted
Flavor: r-oldrel-osx-x86_64