CRAN Package Check Results for Package tidytext

Last updated on 2017-10-19 03:48:35.

Flavor Version Tinstall Tcheck Ttotal Status Flags
r-devel-linux-x86_64-debian-clang 0.1.4 4.77 116.14 120.91 OK
r-devel-linux-x86_64-debian-gcc 0.1.4 6.28 122.80 129.08 OK
r-devel-linux-x86_64-fedora-clang 0.1.4 267.29 OK
r-devel-linux-x86_64-fedora-gcc 0.1.4 253.77 OK
r-devel-windows-ix86+x86_64 0.1.4 12.00 185.00 197.00 OK
r-patched-linux-x86_64 0.1.4 5.23 119.93 125.16 OK
r-patched-solaris-x86 0.1.4 370.50 OK
r-release-linux-x86_64 0.1.4 5.27 117.52 122.79 OK
r-release-windows-ix86+x86_64 0.1.4 22.00 253.00 275.00 OK
r-release-osx-x86_64 0.1.4 OK
r-oldrel-windows-ix86+x86_64 0.1.4 19.00 203.00 222.00 OK
r-oldrel-osx-x86_64 0.1.4 ERROR

Check Details

Version: 0.1.4
Check: tests
Result: ERROR
    Running the tests in ‘tests/testthat.R’ failed.
    Last 13 lines of output:
     stm v1.3.0 (2017-09-08) successfully loaded. See ?stm for help.
     1. Failure: can glance an stm output (@test-stm-tidiers.R#85) ------------------
     g$terms not equal to 5372.
     1/1 mismatches
     [1] 5340 - 5372 == -32
    
    
     testthat results ================================================================
     OK: 209 SKIPPED: 0 FAILED: 1
     1. Failure: can glance an stm output (@test-stm-tidiers.R#85)
    
     Error: testthat unit tests failed
     Execution halted
Flavor: r-oldrel-osx-x86_64