CRAN Package Check Results for Package tidytext

Last updated on 2017-06-29 05:48:32.

Flavor Version Tinstall Tcheck Ttotal Status Flags
r-devel-linux-x86_64-debian-clang 0.1.3 4.98 102.09 107.06 OK
r-devel-linux-x86_64-debian-gcc 0.1.3 4.94 102.13 107.07 OK
r-devel-linux-x86_64-fedora-clang 0.1.3 279.61 OK
r-devel-linux-x86_64-fedora-gcc 0.1.3 265.54 OK
r-devel-windows-ix86+x86_64 0.1.3 14.00 188.00 202.00 OK
r-patched-linux-x86_64 0.1.3 4.94 102.23 107.17 OK
r-patched-solaris-sparc 0.1.2 779.50 ERROR
r-patched-solaris-x86 0.1.3 280.20 OK
r-release-linux-x86_64 0.1.3 5.10 101.12 106.22 OK
r-release-windows-ix86+x86_64 0.1.3 12.00 182.00 194.00 OK
r-release-osx-x86_64 0.1.2 ERROR
r-oldrel-windows-ix86+x86_64 0.1.3 15.00 216.00 231.00 OK
r-oldrel-osx-x86_64 0.1.3 OK

Check Details

Version: 0.1.2
Check: examples
Result: ERROR
    Running examples in ‘tidytext-Ex.R’ failed
    The error most likely occurred in:
    
    > ### Name: corpus_tidiers
    > ### Title: Tidiers for a corpus object from the quanteda package
    > ### Aliases: corpus_tidiers glance.corpus tidy.corpus
    >
    > ### ** Examples
    >
    >
    > if (requireNamespace("quanteda", quietly = FALSE)) {
    + data("inaugCorpus", package = "quanteda")
    +
    + inaugCorpus
    +
    + tidy(inaugCorpus)
    + }
    Loading required namespace: quanteda
    Warning in data("inaugCorpus", package = "quanteda") :
     data set ‘inaugCorpus’ not found
    Error: object 'inaugCorpus' not found
    Execution halted
Flavor: r-patched-solaris-sparc

Version: 0.1.2
Check: tests
Result: ERROR
     Running ‘testthat.R’ [63s/63s]
    Running the tests in ‘tests/testthat.R’ failed.
    Complete output:
     > library(testthat)
     > library(tidytext)
     >
     > test_check("tidytext")
     1. Error: Can tidy corpus from quanteda package (@test-corpus-tidiers.R#23) ----
     object 'inaugCorpus' not found
     1: quanteda::texts(inaugCorpus) at testthat/test-corpus-tidiers.R:23
    
     2. Error: can tidy a quanteda dictionary (@test-dictionary-tidiers.R#9) --------
     No tidying method recognized for this list
     1: tidy(d) at testthat/test-dictionary-tidiers.R:9
     2: tidy.list(d)
     3: stop("No tidying method recognized for this list")
    
     3. Error: Can tidy dfm from quanteda (@test-sparse-tidiers.R#28) ---------------
     'inaugCorpus' is not an exported object from 'namespace:quanteda'
     1: capture.output(dfm_obj <- quanteda::dfm(quanteda::inaugCorpus)) at testthat/test-sparse-tidiers.R:28
     2: evalVis(expr)
     3: withVisible(eval(expr, pf))
     4: eval(expr, pf)
     5: eval(expr, pf)
     6: quanteda::dfm(quanteda::inaugCorpus)
     7: quanteda::inaugCorpus
     8: getExportedValue(pkg, name)
     9: stop(gettextf("'%s' is not an exported object from 'namespace:%s'", name, getNamespaceName(ns)),
     call. = FALSE, domain = NA)
    
     testthat results ================================================================
     OK: 127 SKIPPED: 0 FAILED: 3
     1. Error: Can tidy corpus from quanteda package (@test-corpus-tidiers.R#23)
     2. Error: can tidy a quanteda dictionary (@test-dictionary-tidiers.R#9)
     3. Error: Can tidy dfm from quanteda (@test-sparse-tidiers.R#28)
    
     Error: testthat unit tests failed
     Execution halted
Flavor: r-patched-solaris-sparc

Version: 0.1.2
Check: re-building of vignette outputs
Result: WARN
    Error in re-building vignettes:
     ...
    Warning in engine$weave(file, quiet = quiet, encoding = enc) :
     Pandoc (>= 1.12.3) and/or pandoc-citeproc not available. Falling back to R Markdown v1.
    
    Attaching package: 'dplyr'
    
    The following objects are masked from 'package:stats':
    
     filter, lag
    
    The following objects are masked from 'package:base':
    
     intersect, setdiff, setequal, union
    
    Joining, by = "book"
    `stat_bin()` using `bins = 30`. Pick better value with `binwidth`.
    Warning: Removed 896 rows containing non-finite values (stat_bin).
    Warning in engine$weave(file, quiet = quiet, encoding = enc) :
     Pandoc (>= 1.12.3) and/or pandoc-citeproc not available. Falling back to R Markdown v1.
    Loading required package: NLP
    
    Attaching package: 'NLP'
    
    The following object is masked from 'package:ggplot2':
    
     annotate
    
    Warning in data("inaugCorpus", package = "quanteda") :
     data set 'inaugCorpus' not found
    Quitting from lines 79-85 (tidying_casting.Rmd)
    Error: processing vignette 'tidying_casting.Rmd' failed with diagnostics:
    object 'inaugCorpus' not found
    Execution halted
Flavor: r-patched-solaris-sparc

Version: 0.1.2
Check: package dependencies
Result: NOTE
    Package suggested but not available for checking: ‘topicmodels’
Flavor: r-release-osx-x86_64

Version: 0.1.2
Check: examples
Result: ERROR
    Running examples in ‘tidytext-Ex.R’ failed
    The error most likely occurred in:
    
    > ### Name: lda_tidiers
    > ### Title: Tidiers for LDA objects from the topicmodels package
    > ### Aliases: augment.LDA glance.LDA lda_tidiers tidy.LDA
    >
    > ### ** Examples
    >
    >
    > set.seed(2016)
    > library(dplyr)
    
    Attaching package: ‘dplyr’
    
    The following objects are masked from ‘package:stats’:
    
     filter, lag
    
    The following objects are masked from ‘package:base’:
    
     intersect, setdiff, setequal, union
    
    > library(topicmodels)
    Error in library(topicmodels) : there is no package called ‘topicmodels’
    Execution halted
Flavor: r-release-osx-x86_64

Version: 0.1.2
Check: tests
Result: ERROR
     Running ‘testthat.R’ [4s/6s]
    Running the tests in ‘tests/testthat.R’ failed.
    Complete output:
     > library(testthat)
     > library(tidytext)
     >
     > test_check("tidytext")
     Error in library(topicmodels) : there is no package called 'topicmodels'
     Calls: test_check ... with_reporter -> force -> source_file -> eval -> eval -> library
     testthat results ================================================================
     OK: 10 SKIPPED: 0 FAILED: 0
     Execution halted
Flavor: r-release-osx-x86_64

Version: 0.1.2
Check: re-building of vignette outputs
Result: WARN
    Error in re-building vignettes:
     ...
    The following objects are masked from 'package:stats':
    
     filter, lag
    
    The following objects are masked from 'package:base':
    
     intersect, setdiff, setequal, union
    
    Joining, by = "book"
    `stat_bin()` using `bins = 30`. Pick better value with `binwidth`.
    Warning: Removed 896 rows containing non-finite values (stat_bin).
    Warning in engine$weave(file, quiet = quiet, encoding = enc) :
     Pandoc (>= 1.12.3) and/or pandoc-citeproc not available. Falling back to R Markdown v1.
    Loading required package: NLP
    
    Attaching package: 'NLP'
    
    The following object is masked from 'package:ggplot2':
    
     annotate
    
    Quitting from lines 23-26 (tidying_casting.Rmd)
    Error: processing vignette 'tidying_casting.Rmd' failed with diagnostics:
    there is no package called 'topicmodels'
    Execution halted
Flavor: r-release-osx-x86_64