CRAN Package Check Results for Package tidytransit

Last updated on 2022-09-30 04:59:23 CEST.

Flavor Version Tinstall Tcheck Ttotal Status Flags
r-devel-linux-x86_64-debian-clang 1.4 11.47 224.26 235.73 OK
r-devel-linux-x86_64-debian-gcc 1.4 9.07 164.63 173.70 OK
r-devel-linux-x86_64-fedora-clang 1.4 289.85 NOTE
r-devel-linux-x86_64-fedora-gcc 1.4 274.77 NOTE
r-devel-windows-x86_64 1.4 54.00 269.00 323.00 NOTE
r-patched-linux-x86_64 1.4 12.09 196.31 208.40 OK
r-release-linux-x86_64 1.4 9.61 204.25 213.86 OK
r-release-macos-arm64 1.4 87.00 NOTE
r-release-macos-x86_64 1.4 124.00 NOTE
r-release-windows-x86_64 1.4 31.00 270.00 301.00 NOTE
r-oldrel-macos-arm64 1.4 91.00 NOTE
r-oldrel-macos-x86_64 1.4 130.00 NOTE
r-oldrel-windows-ix86+x86_64 1.4 25.00 256.00 281.00 NOTE

Check Details

Version: 1.4
Check: installed package size
Result: NOTE
     installed size is 7.0Mb
     sub-directories of 1Mb or more:
     doc 2.1Mb
     extdata 4.5Mb
Flavors: r-devel-linux-x86_64-fedora-clang, r-devel-windows-x86_64, r-release-macos-arm64, r-release-macos-x86_64, r-release-windows-x86_64, r-oldrel-macos-arm64, r-oldrel-macos-x86_64, r-oldrel-windows-ix86+x86_64

Version: 1.4
Check: dependencies in R code
Result: NOTE
    Namespace in Imports field not imported from: ‘httr’
     All declared Imports should be used.
Flavors: r-devel-linux-x86_64-fedora-clang, r-devel-linux-x86_64-fedora-gcc, r-release-macos-arm64, r-release-macos-x86_64, r-oldrel-macos-arm64, r-oldrel-macos-x86_64