CRAN Package Check Results for Package tidytree

Last updated on 2019-05-19 12:46:47 CEST.

Flavor Version Tinstall Tcheck Ttotal Status Flags
r-devel-linux-x86_64-debian-clang 0.2.4 4.37 40.56 44.93 OK
r-devel-linux-x86_64-debian-gcc 0.2.4 3.36 32.31 35.67 OK
r-devel-linux-x86_64-fedora-clang 0.2.4 54.91 OK
r-devel-linux-x86_64-fedora-gcc 0.2.4 56.87 OK
r-devel-windows-ix86+x86_64 0.2.4 16.00 79.00 95.00 OK
r-patched-linux-x86_64 0.2.4 5.02 39.45 44.47 OK
r-patched-solaris-x86 0.2.4 80.30 OK
r-release-linux-x86_64 0.2.4 4.21 40.57 44.78 OK
r-release-windows-ix86+x86_64 0.2.4 14.00 81.00 95.00 OK
r-release-osx-x86_64 0.2.4 NOTE
r-oldrel-windows-ix86+x86_64 0.2.4 9.00 79.00 88.00 OK
r-oldrel-osx-x86_64 0.2.4 OK

Check Details

Version: 0.2.4
Check: package dependencies
Result: NOTE
    Packages suggested but not available for checking: 'ggtree', 'treeio'
Flavor: r-release-osx-x86_64