CRAN Package Check Results for Package tidyverse

Last updated on 2023-12-11 18:53:46 CET.

Flavor Version Tinstall Tcheck Ttotal Status Flags
r-devel-linux-x86_64-debian-clang 2.0.0 5.86 58.85 64.71 OK
r-devel-linux-x86_64-debian-gcc 2.0.0 5.70 43.57 49.27 OK
r-devel-linux-x86_64-fedora-clang 2.0.0 82.70 NOTE
r-devel-linux-x86_64-fedora-gcc 2.0.0 86.51 OK
r-devel-windows-x86_64 2.0.0 9.00 66.00 75.00 OK
r-patched-linux-x86_64 2.0.0 6.95 54.77 61.72 OK
r-release-linux-x86_64 2.0.0 4.34 54.54 58.88 OK
r-release-macos-arm64 2.0.0 37.00 OK
r-release-macos-x86_64 2.0.0 59.00 OK
r-release-windows-x86_64 2.0.0 9.00 73.00 82.00 OK
r-oldrel-macos-arm64 2.0.0 29.00 OK
r-oldrel-macos-x86_64 2.0.0 46.00 OK
r-oldrel-windows-x86_64 2.0.0 10.00 93.00 103.00 OK

Check Details

Version: 2.0.0
Check: package dependencies
Result: NOTE Imports includes 30 non-default packages. Importing from so many packages makes the package vulnerable to any of them becoming unavailable. Move as many as possible to Suggests and use conditionally. Flavor: r-devel-linux-x86_64-fedora-clang