CRAN Package Check Results for Package tidyverse

Last updated on 2022-12-06 16:55:51 CET.

Flavor Version Tinstall Tcheck Ttotal Status Flags
r-devel-linux-x86_64-debian-clang 1.3.2 11.68 98.63 110.31 OK
r-devel-linux-x86_64-debian-gcc 1.3.2 9.07 74.38 83.45 OK
r-devel-linux-x86_64-fedora-clang 1.3.2 147.01 NOTE
r-devel-linux-x86_64-fedora-gcc 1.3.2 152.10 NOTE
r-devel-windows-x86_64 1.3.2 17.00 125.00 142.00 OK
r-patched-linux-x86_64 1.3.2 9.72 93.14 102.86 OK
r-release-linux-x86_64 1.3.2 10.65 94.42 105.07 OK
r-release-macos-arm64 1.3.2 41.00 NOTE
r-release-macos-x86_64 1.3.2 55.00 NOTE
r-release-windows-x86_64 1.3.2 24.00 127.00 151.00 OK
r-oldrel-macos-arm64 1.3.2 39.00 NOTE
r-oldrel-macos-x86_64 1.3.2 55.00 NOTE
r-oldrel-windows-ix86+x86_64 1.3.2 29.00 124.00 153.00 OK

Check Details

Version: 1.3.2
Check: package dependencies
Result: NOTE
    Imports includes 29 non-default packages.
    Importing from so many packages makes the package vulnerable to any of
    them becoming unavailable. Move as many as possible to Suggests and
    use conditionally.
Flavor: r-devel-linux-x86_64-fedora-clang

Version: 1.3.2
Check: dependencies in R code
Result: NOTE
    Namespace in Imports field not imported from: ‘dtplyr’
     All declared Imports should be used.
Flavors: r-devel-linux-x86_64-fedora-clang, r-devel-linux-x86_64-fedora-gcc, r-release-macos-arm64, r-release-macos-x86_64, r-oldrel-macos-arm64, r-oldrel-macos-x86_64