CRAN Package Check Results for Package tidyverse

Last updated on 2018-08-14 22:51:02 CEST.

Flavor Version Tinstall Tcheck Ttotal Status Flags
r-devel-linux-x86_64-debian-clang 1.2.1 4.61 53.73 58.34 OK
r-devel-linux-x86_64-debian-gcc 1.2.1 3.60 41.65 45.25 OK
r-devel-linux-x86_64-fedora-clang 1.2.1 66.25 NOTE
r-devel-linux-x86_64-fedora-gcc 1.2.1 63.34 NOTE
r-devel-windows-ix86+x86_64 1.2.1 18.00 90.00 108.00 OK
r-patched-linux-x86_64 1.2.1 3.30 45.48 48.78 OK
r-patched-solaris-x86 1.2.1 96.20 NOTE
r-release-linux-x86_64 1.2.1 3.95 45.47 49.42 OK
r-release-windows-ix86+x86_64 1.2.1 12.00 96.00 108.00 OK
r-release-osx-x86_64 1.2.1 NOTE
r-oldrel-windows-ix86+x86_64 1.2.1 13.00 95.00 108.00 OK
r-oldrel-osx-x86_64 1.2.1 NOTE

Check Details

Version: 1.2.1
Check: dependencies in R code
Result: NOTE
    Namespaces in Imports field not imported from:
     ‘dbplyr’ ‘reprex’ ‘rlang’
     All declared Imports should be used.
Flavors: r-devel-linux-x86_64-fedora-clang, r-devel-linux-x86_64-fedora-gcc, r-patched-solaris-x86, r-release-osx-x86_64, r-oldrel-osx-x86_64