Last updated on 2023-06-10 14:54:12 CEST.
Flavor | Version | Tinstall | Tcheck | Ttotal | Status | Flags |
---|---|---|---|---|---|---|
r-devel-linux-x86_64-debian-clang | 2.0.0 | 6.89 | 57.14 | 64.03 | OK | |
r-devel-linux-x86_64-debian-gcc | 2.0.0 | 5.44 | 43.00 | 48.44 | OK | |
r-devel-linux-x86_64-fedora-clang | 2.0.0 | 79.70 | NOTE | |||
r-devel-linux-x86_64-fedora-gcc | 2.0.0 | 90.87 | OK | |||
r-devel-windows-x86_64 | 2.0.0 | 11.00 | 73.00 | 84.00 | OK | |
r-patched-linux-x86_64 | 2.0.0 | 6.81 | 52.27 | 59.08 | OK | |
r-release-linux-x86_64 | 2.0.0 | 4.54 | 53.34 | 57.88 | OK | |
r-release-macos-arm64 | 2.0.0 | 37.00 | OK | |||
r-release-macos-x86_64 | 2.0.0 | 59.00 | OK | |||
r-release-windows-x86_64 | 2.0.0 | 9.00 | 73.00 | 82.00 | OK | |
r-oldrel-macos-arm64 | 2.0.0 | 29.00 | OK | |||
r-oldrel-macos-x86_64 | 2.0.0 | 46.00 | OK | |||
r-oldrel-windows-x86_64 | 2.0.0 | 10.00 | 94.00 | 104.00 | OK |
Version: 2.0.0
Check: package dependencies
Result: NOTE
Imports includes 30 non-default packages.
Importing from so many packages makes the package vulnerable to any of
them becoming unavailable. Move as many as possible to Suggests and
use conditionally.
Flavor: r-devel-linux-x86_64-fedora-clang