CRAN Package Check Results for Package tidyxl

Last updated on 2019-07-21 10:46:25 CEST.

Flavor Version Tinstall Tcheck Ttotal Status Flags
r-devel-linux-x86_64-debian-clang 1.0.4 142.66 44.56 187.22 WARN
r-devel-linux-x86_64-debian-gcc 1.0.4 116.69 36.33 153.02 OK
r-devel-linux-x86_64-fedora-clang 1.0.4 310.99 WARN
r-devel-linux-x86_64-fedora-gcc 1.0.4 289.84 OK
r-devel-windows-ix86+x86_64 1.0.4 291.00 133.00 424.00 OK
r-patched-linux-x86_64 1.0.4 141.44 44.70 186.14 OK
r-patched-solaris-x86 1.0.4 246.00 OK
r-release-linux-x86_64 1.0.4 137.44 45.17 182.61 OK
r-release-windows-ix86+x86_64 1.0.4 321.00 95.00 416.00 OK
r-release-osx-x86_64 1.0.4 WARN
r-oldrel-windows-ix86+x86_64 1.0.4 401.00 116.00 517.00 OK
r-oldrel-osx-x86_64 1.0.4 WARN

Check Details

Version: 1.0.4
Check: whether package can be installed
Result: WARN
    Found the following significant warnings:
     ref.cpp:24:14: warning: explicitly assigning value of variable of type 'std::string::const_iterator' (aka '__normal_iterator<const char *, std::__cxx11::basic_string<char> >') to itself [-Wself-assign-overloaded]
     ref.cpp:35:14: warning: explicitly assigning value of variable of type 'std::string::const_iterator' (aka '__normal_iterator<const char *, std::__cxx11::basic_string<char> >') to itself [-Wself-assign-overloaded]
     ref.cpp:50:16: warning: explicitly assigning value of variable of type 'std::string::const_iterator' (aka '__normal_iterator<const char *, std::__cxx11::basic_string<char> >') to itself [-Wself-assign-overloaded]
     ref.cpp:61:16: warning: explicitly assigning value of variable of type 'std::string::const_iterator' (aka '__normal_iterator<const char *, std::__cxx11::basic_string<char> >') to itself [-Wself-assign-overloaded]
Flavor: r-devel-linux-x86_64-debian-clang

Version: 1.0.4
Check: compiled code
Result: WARN
    File 'tidyxl/libs/tidyxl.so':
     Found 'abort', possibly from 'abort' (C)
     Object: 'xlex.o'
    
    Compiled code should not call entry points which might terminate R nor
    write to stdout/stderr instead of to the console, nor use Fortran I/O
    nor system RNGs.
    
    See 'Writing portable packages' in the 'Writing R Extensions' manual.
Flavors: r-devel-linux-x86_64-debian-clang, r-devel-linux-x86_64-fedora-clang

Version: 1.0.4
Check: whether package can be installed
Result: WARN
    Found the following significant warnings:
     ref.cpp:24:14: warning: explicitly assigning value of variable of type 'std::string::const_iterator' (aka '__wrap_iter<const char *>') to itself [-Wself-assign-overloaded]
     ref.cpp:35:14: warning: explicitly assigning value of variable of type 'std::string::const_iterator' (aka '__wrap_iter<const char *>') to itself [-Wself-assign-overloaded]
     ref.cpp:50:16: warning: explicitly assigning value of variable of type 'std::string::const_iterator' (aka '__wrap_iter<const char *>') to itself [-Wself-assign-overloaded]
     ref.cpp:61:16: warning: explicitly assigning value of variable of type 'std::string::const_iterator' (aka '__wrap_iter<const char *>') to itself [-Wself-assign-overloaded]
Flavors: r-devel-linux-x86_64-fedora-clang, r-release-osx-x86_64

Version: 1.0.4
Check: installed package size
Result: NOTE
     installed size is 9.4Mb
     sub-directories of 1Mb or more:
     libs 8.4Mb
Flavors: r-devel-linux-x86_64-fedora-clang, r-release-osx-x86_64, r-oldrel-osx-x86_64

Version: 1.0.4
Check: compiled code
Result: WARN
    File ‘tidyxl/libs/tidyxl.so’:
     Found ‘_abort’, possibly from ‘abort’ (C)
     Object: ‘xlex.o’
    
    Compiled code should not call entry points which might terminate R nor
    write to stdout/stderr instead of to the console, nor use Fortran I/O
    nor system RNGs.
    
    See ‘Writing portable packages’ in the ‘Writing R Extensions’ manual.
Flavors: r-release-osx-x86_64, r-oldrel-osx-x86_64