CRAN Package Check Results for Package tiff

Last updated on 2023-03-24 19:50:02 CET.

Flavor Version Tinstall Tcheck Ttotal Status Flags
r-devel-linux-x86_64-debian-clang 0.1-11 5.99 21.50 27.49 WARN
r-devel-linux-x86_64-debian-gcc 0.1-11 4.51 17.21 21.72 WARN
r-devel-linux-x86_64-fedora-clang 0.1-11 37.66 WARN
r-devel-linux-x86_64-fedora-gcc 0.1-11 34.72 WARN
r-patched-linux-x86_64 0.1-11 4.74 22.66 27.40 OK
r-release-linux-x86_64 0.1-11 5.06 22.36 27.42 OK
r-release-macos-arm64 0.1-11 19.00 NOTE
r-release-macos-x86_64 0.1-11 29.00 NOTE
r-release-windows-x86_64 0.1-11 9.00 53.00 62.00 OK
r-oldrel-macos-arm64 0.1-11 20.00 NOTE
r-oldrel-macos-x86_64 0.1-11 29.00 NOTE
r-oldrel-windows-ix86+x86_64 0.1-11 13.00 41.00 54.00 OK

Check Details

Version: 0.1-11
Check: whether package can be installed
Result: WARN
    Found the following significant warnings:
     common.c:36:22: warning: a function declaration without a prototype is deprecated in all versions of C [-Wstrict-prototypes]
    See ‘/home/hornik/tmp/R.check/r-devel-clang/Work/PKGS/tiff.Rcheck/00install.out’ for details.
    * used C compiler: ‘Debian clang version 15.0.6’
Flavor: r-devel-linux-x86_64-debian-clang

Version: 0.1-11
Check: whether package can be installed
Result: WARN
    Found the following significant warnings:
     common.c:36:13: warning: function declaration isn’t a prototype [-Wstrict-prototypes]
    See ‘/home/hornik/tmp/R.check/r-devel-gcc/Work/PKGS/tiff.Rcheck/00install.out’ for details.
    * used C compiler: ‘gcc-12 (Debian 12.2.0-14) 12.2.0’
Flavor: r-devel-linux-x86_64-debian-gcc

Version: 0.1-11
Check: whether package can be installed
Result: WARN
    Found the following significant warnings:
     common.c:36:22: warning: a function declaration without a prototype is deprecated in all versions of C [-Wstrict-prototypes]
    See ‘/data/gannet/ripley/R/packages/tests-clang/tiff.Rcheck/00install.out’ for details.
    * used C compiler: ‘clang version 16.0.0’
Flavor: r-devel-linux-x86_64-fedora-clang

Version: 0.1-11
Check: whether package can be installed
Result: WARN
    Found the following significant warnings:
     common.c:36:13: warning: function declaration isn’t a prototype [-Wstrict-prototypes]
    See ‘/data/gannet/ripley/R/packages/tests-devel/tiff.Rcheck/00install.out’ for details.
    * used C compiler: ‘gcc (GCC) 12.2.1 20221121 (Red Hat 12.2.1-4)’
Flavor: r-devel-linux-x86_64-fedora-gcc

Version: 0.1-11
Check: installed package size
Result: NOTE
     installed size is 5.4Mb
     sub-directories of 1Mb or more:
     libs 5.3Mb
Flavors: r-release-macos-arm64, r-release-macos-x86_64, r-oldrel-macos-arm64, r-oldrel-macos-x86_64