Last updated on 2022-06-26 01:49:03 CEST.
Flavor | Version | Tinstall | Tcheck | Ttotal | Status | Flags |
---|---|---|---|---|---|---|
r-devel-linux-x86_64-debian-clang | 0.1-11 | 6.11 | 22.06 | 28.17 | OK | |
r-devel-linux-x86_64-debian-gcc | 0.1-11 | 4.32 | 17.37 | 21.69 | OK | |
r-devel-linux-x86_64-fedora-clang | 0.1-11 | 45.09 | OK | |||
r-devel-linux-x86_64-fedora-gcc | 0.1-11 | 44.69 | OK | |||
r-devel-windows-x86_64 | 0.1-11 | 15.00 | 53.00 | 68.00 | OK | |
r-patched-linux-x86_64 | 0.1-11 | 4.71 | 22.16 | 26.87 | OK | |
r-release-linux-x86_64 | 0.1-11 | 4.65 | 21.54 | 26.19 | OK | |
r-release-macos-arm64 | 0.1-11 | 19.00 | NOTE | |||
r-release-macos-x86_64 | 0.1-11 | 29.00 | NOTE | |||
r-release-windows-x86_64 | 0.1-11 | 9.00 | 53.00 | 62.00 | OK | |
r-oldrel-macos-arm64 | 0.1-11 | 20.00 | NOTE | |||
r-oldrel-macos-x86_64 | 0.1-11 | 29.00 | NOTE | |||
r-oldrel-windows-ix86+x86_64 | 0.1-11 | 13.00 | 41.00 | 54.00 | OK |
Version: 0.1-11
Check: installed package size
Result: NOTE
installed size is 5.4Mb
sub-directories of 1Mb or more:
libs 5.3Mb
Flavors: r-release-macos-arm64, r-release-macos-x86_64, r-oldrel-macos-arm64, r-oldrel-macos-x86_64