Last updated on 2022-07-01 11:52:13 CEST.
Flavor | Version | Tinstall | Tcheck | Ttotal | Status | Flags |
---|---|---|---|---|---|---|
r-devel-linux-x86_64-debian-clang | 0.2.0 | 4.06 | 68.67 | 72.73 | OK | |
r-devel-linux-x86_64-debian-gcc | 0.2.0 | 3.87 | 51.94 | 55.81 | OK | |
r-devel-linux-x86_64-fedora-clang | 0.2.0 | 95.99 | NOTE | |||
r-devel-linux-x86_64-fedora-gcc | 0.2.0 | 93.79 | NOTE | |||
r-devel-windows-x86_64 | 0.2.0 | 53.00 | 93.00 | 146.00 | OK | |
r-patched-linux-x86_64 | 0.2.0 | 4.65 | 65.11 | 69.76 | OK | |
r-release-linux-x86_64 | 0.2.0 | 5.06 | 64.61 | 69.67 | OK | |
r-release-macos-arm64 | 0.2.0 | 26.00 | NOTE | |||
r-release-macos-x86_64 | 0.2.0 | 41.00 | NOTE | |||
r-release-windows-x86_64 | 0.2.0 | 48.00 | 103.00 | 151.00 | OK | |
r-oldrel-macos-arm64 | 0.2.0 | 33.00 | NOTE | |||
r-oldrel-macos-x86_64 | 0.2.0 | 51.00 | NOTE | |||
r-oldrel-windows-ix86+x86_64 | 0.2.0 | 20.00 | 91.00 | 111.00 | OK |
Version: 0.2.0
Check: dependencies in R code
Result: NOTE
Namespace in Imports field not imported from: ‘sp’
All declared Imports should be used.
Flavors: r-devel-linux-x86_64-fedora-clang, r-devel-linux-x86_64-fedora-gcc, r-release-macos-arm64, r-release-macos-x86_64, r-oldrel-macos-arm64, r-oldrel-macos-x86_64
Version: 0.2.0
Check: data for non-ASCII characters
Result: NOTE
Note: found 341 marked UTF-8 strings
Flavors: r-devel-linux-x86_64-fedora-clang, r-devel-linux-x86_64-fedora-gcc, r-release-macos-arm64, r-release-macos-x86_64, r-oldrel-macos-arm64, r-oldrel-macos-x86_64