CRAN Package Check Results for Package timeDate

Last updated on 2019-03-23 23:54:20 CET.

Flavor Version Tinstall Tcheck Ttotal Status Flags
r-devel-linux-x86_64-debian-clang 3043.102 25.09 82.40 107.49 OK
r-devel-linux-x86_64-debian-gcc 3043.102 21.23 64.10 85.33 OK
r-devel-linux-x86_64-fedora-clang 3043.102 128.71 OK
r-devel-linux-x86_64-fedora-gcc 3043.102 127.70 OK
r-devel-windows-ix86+x86_64 3043.102 48.00 114.00 162.00 OK
r-patched-linux-x86_64 3043.102 23.60 79.20 102.80 OK
r-patched-solaris-x86 3043.102 152.00 OK
r-release-linux-x86_64 3043.102 0.51 3.34 3.85 ERROR
r-release-windows-ix86+x86_64 3043.102 36.00 93.00 129.00 OK
r-release-osx-x86_64 3043.102 OK
r-oldrel-windows-ix86+x86_64 3043.102 14.00 118.00 132.00 OK
r-oldrel-osx-x86_64 3043.102 OK

Check Details

Version: 3043.102
Check: whether package can be installed
Result: ERROR
    Installation failed.
Flavor: r-release-linux-x86_64