CRAN Package Check Results for Package timeR

Last updated on 2022-07-05 03:53:46 CEST.

Flavor Version Tinstall Tcheck Ttotal Status Flags
r-devel-linux-x86_64-debian-clang 1.2.0 2.93 26.29 29.22 NOTE
r-devel-linux-x86_64-debian-gcc 1.2.0 2.39 20.47 22.86 NOTE
r-devel-linux-x86_64-fedora-clang 1.2.0 46.55 NOTE
r-devel-linux-x86_64-fedora-gcc 1.2.0 45.26 NOTE
r-devel-windows-x86_64 1.2.0 8.00 61.00 69.00 NOTE
r-patched-linux-x86_64 1.2.0 2.24 25.06 27.30 NOTE
r-release-linux-x86_64 1.2.0 2.73 25.25 27.98 NOTE
r-release-macos-arm64 1.2.0 23.00 NOTE
r-release-macos-x86_64 1.2.0 27.00 NOTE
r-release-windows-x86_64 1.2.0 12.00 61.00 73.00 NOTE
r-oldrel-macos-arm64 1.2.0 25.00 NOTE
r-oldrel-macos-x86_64 1.2.0 32.00 NOTE
r-oldrel-windows-ix86+x86_64 1.2.0 9.00 50.00 59.00 NOTE

Check Details

Version: 1.2.0
Check: LazyData
Result: NOTE
     'LazyData' is specified without a 'data' directory
Flavors: r-devel-linux-x86_64-debian-clang, r-devel-linux-x86_64-debian-gcc, r-devel-linux-x86_64-fedora-clang, r-devel-linux-x86_64-fedora-gcc, r-devel-windows-x86_64, r-patched-linux-x86_64, r-release-linux-x86_64, r-release-macos-arm64, r-release-macos-x86_64, r-release-windows-x86_64, r-oldrel-macos-arm64, r-oldrel-macos-x86_64, r-oldrel-windows-ix86+x86_64

Version: 1.2.0
Check: dependencies in R code
Result: NOTE
    Namespace in Imports field not imported from: ‘lubridate’
     All declared Imports should be used.
Flavors: r-devel-linux-x86_64-fedora-clang, r-devel-linux-x86_64-fedora-gcc, r-release-macos-arm64, r-release-macos-x86_64, r-oldrel-macos-arm64, r-oldrel-macos-x86_64