CRAN Package Check Results for Package timeSeries

Last updated on 2019-03-23 19:51:00 CET.

Flavor Version Tinstall Tcheck Ttotal Status Flags
r-devel-linux-x86_64-debian-clang 3042.102 12.40 83.02 95.42 OK
r-devel-linux-x86_64-debian-gcc 3042.102 10.36 63.40 73.76 OK
r-devel-linux-x86_64-fedora-clang 3042.102 116.76 OK
r-devel-linux-x86_64-fedora-gcc 3042.102 109.19 OK
r-devel-windows-ix86+x86_64 3042.102 35.00 141.00 176.00 OK
r-patched-linux-x86_64 3042.102 10.96 82.23 93.19 OK
r-patched-solaris-x86 3042.102 141.40 OK
r-release-linux-x86_64 3042.102 0.54 3.83 4.37 ERROR
r-release-windows-ix86+x86_64 3042.102 16.00 110.00 126.00 OK
r-release-osx-x86_64 3042.102 OK
r-oldrel-windows-ix86+x86_64 3042.102 10.00 147.00 157.00 OK
r-oldrel-osx-x86_64 3042.102 OK

Check Details

Version: 3042.102
Check: whether package can be installed
Result: ERROR
    Installation failed.
Flavor: r-release-linux-x86_64