Last updated on 2022-07-06 07:49:11 CEST.
Flavor | Version | Tinstall | Tcheck | Ttotal | Status | Flags |
---|---|---|---|---|---|---|
r-devel-linux-x86_64-debian-clang | 3062.100 | 15.62 | 101.99 | 117.61 | NOTE | |
r-devel-linux-x86_64-debian-gcc | 3062.100 | 11.66 | 78.22 | 89.88 | NOTE | |
r-devel-linux-x86_64-fedora-clang | 3062.100 | 147.85 | NOTE | |||
r-devel-linux-x86_64-fedora-gcc | 3062.100 | 150.20 | NOTE | |||
r-devel-windows-x86_64 | 3062.100 | 297.00 | 151.00 | 448.00 | NOTE | |
r-patched-linux-x86_64 | 3062.100 | 12.93 | 96.99 | 109.92 | OK | |
r-release-linux-x86_64 | 3062.100 | 12.81 | 99.96 | 112.77 | OK | |
r-release-macos-arm64 | 3062.100 | 40.00 | OK | |||
r-release-macos-x86_64 | 3062.100 | 70.00 | OK | |||
r-release-windows-x86_64 | 3062.100 | 210.00 | 160.00 | 370.00 | OK | |
r-oldrel-macos-arm64 | 3062.100 | 55.00 | OK | |||
r-oldrel-macos-x86_64 | 3062.100 | 95.00 | OK | |||
r-oldrel-windows-ix86+x86_64 | 3062.100 | 25.00 | 136.00 | 161.00 | OK |
Version: 3062.100
Check: Rd files
Result: NOTE
checkRd: (-1) methods-plot.Rd:117: Escaped LaTeX specials: \_ \_
Flavors: r-devel-linux-x86_64-debian-clang, r-devel-linux-x86_64-debian-gcc, r-devel-linux-x86_64-fedora-clang, r-devel-linux-x86_64-fedora-gcc, r-devel-windows-x86_64