CRAN Package Check Results for Package timelineS

Last updated on 2021-05-14 18:48:29 CEST.

Flavor Version Tinstall Tcheck Ttotal Status Flags
r-devel-linux-x86_64-debian-clang 0.1.1 4.50 56.76 61.26 OK
r-devel-linux-x86_64-debian-gcc 0.1.1 3.90 42.30 46.20 OK
r-devel-linux-x86_64-fedora-clang 0.1.1 82.94 NOTE
r-devel-linux-x86_64-fedora-gcc 0.1.1 69.66 NOTE
r-devel-windows-ix86+x86_64 0.1.1 16.00 56.00 72.00 OK
r-devel-windows-x86_64-gcc10-UCRT 0.1.1 NOTE
r-patched-linux-x86_64 0.1.1 4.33 52.53 56.86 OK
r-patched-solaris-x86 0.1.1 101.40 NOTE
r-release-linux-x86_64 0.1.1 4.94 52.59 57.53 OK
r-release-macos-x86_64 0.1.1 NOTE
r-release-windows-ix86+x86_64 0.1.1 10.00 78.00 88.00 OK
r-oldrel-macos-x86_64 0.1.1 NOTE
r-oldrel-windows-ix86+x86_64 0.1.1 9.00 74.00 83.00 OK

Check Details

Version: 0.1.1
Check: dependencies in R code
Result: NOTE
    Namespace in Imports field not imported from: ‘base’
     All declared Imports should be used.
Flavors: r-devel-linux-x86_64-fedora-clang, r-devel-linux-x86_64-fedora-gcc, r-devel-windows-x86_64-gcc10-UCRT, r-patched-solaris-x86, r-release-macos-x86_64, r-oldrel-macos-x86_64