CRAN Package Check Results for Package timetk

Last updated on 2019-04-21 20:48:38 CEST.

Flavor Version Tinstall Tcheck Ttotal Status Flags
r-devel-linux-x86_64-debian-clang 0.1.1.1 5.69 97.36 103.05 OK
r-devel-linux-x86_64-debian-gcc 0.1.1.1 4.25 73.14 77.39 OK
r-devel-linux-x86_64-fedora-clang 0.1.1.1 113.97 NOTE
r-devel-linux-x86_64-fedora-gcc 0.1.1.1 119.50 NOTE
r-devel-windows-ix86+x86_64 0.1.1.1 15.00 123.00 138.00 OK
r-patched-linux-x86_64 0.1.1.1 4.94 93.77 98.71 OK
r-patched-solaris-x86 0.1.1.1 189.10 NOTE
r-release-linux-x86_64 0.1.1.1 3.58 84.20 87.78 OK
r-release-windows-ix86+x86_64 0.1.1.1 7.00 121.00 128.00 OK
r-release-osx-x86_64 0.1.1.1 NOTE
r-oldrel-windows-ix86+x86_64 0.1.1.1 16.00 191.00 207.00 OK
r-oldrel-osx-x86_64 0.1.1.1 NOTE

Check Details

Version: 0.1.1.1
Check: dependencies in R code
Result: NOTE
    Namespaces in Imports field not imported from:
     ‘devtools’ ‘forecast’
     All declared Imports should be used.
Flavors: r-devel-linux-x86_64-fedora-clang, r-devel-linux-x86_64-fedora-gcc, r-patched-solaris-x86, r-release-osx-x86_64, r-oldrel-osx-x86_64