CRAN Package Check Results for Package timetk

Last updated on 2019-06-16 20:47:21 CEST.

Flavor Version Tinstall Tcheck Ttotal Status Flags
r-devel-linux-x86_64-debian-clang 0.1.1.1 5.50 95.85 101.35 OK
r-devel-linux-x86_64-debian-gcc 0.1.1.1 4.46 73.24 77.70 OK
r-devel-linux-x86_64-fedora-clang 0.1.1.1 114.87 NOTE
r-devel-linux-x86_64-fedora-gcc 0.1.1.1 93.46 NOTE
r-devel-windows-ix86+x86_64 0.1.1.1 18.00 191.00 209.00 OK
r-patched-linux-x86_64 0.1.1.1 5.24 91.30 96.54 OK
r-patched-solaris-x86 0.1.1.1 181.30 NOTE
r-release-linux-x86_64 0.1.1.1 5.25 91.67 96.92 OK
r-release-windows-ix86+x86_64 0.1.1.1 12.00 130.00 142.00 OK
r-release-osx-x86_64 0.1.1.1 NOTE
r-oldrel-windows-ix86+x86_64 0.1.1.1 7.00 153.00 160.00 OK
r-oldrel-osx-x86_64 0.1.1.1 NOTE

Check Details

Version: 0.1.1.1
Check: dependencies in R code
Result: NOTE
    Namespaces in Imports field not imported from:
     ‘devtools’ ‘forecast’
     All declared Imports should be used.
Flavors: r-devel-linux-x86_64-fedora-clang, r-devel-linux-x86_64-fedora-gcc, r-patched-solaris-x86, r-release-osx-x86_64, r-oldrel-osx-x86_64