CRAN Package Check Results for Package tint

Last updated on 2019-02-16 22:46:47 CET.

Flavor Version Tinstall Tcheck Ttotal Status Flags
r-devel-linux-x86_64-debian-clang 0.1.0 2.33 232.34 234.67 OK
r-devel-linux-x86_64-debian-gcc 0.1.0 1.47 198.91 200.38 OK
r-devel-linux-x86_64-fedora-clang 0.1.0 273.64 NOTE
r-devel-linux-x86_64-fedora-gcc 0.1.0 267.42 OK
r-devel-windows-ix86+x86_64 0.1.0 12.00 93.00 105.00 NOTE
r-patched-linux-x86_64 0.1.0 1.72 225.71 227.43 OK
r-patched-solaris-x86 0.1.0 73.50 NOTE
r-release-linux-x86_64 0.1.0 OK
r-release-windows-ix86+x86_64 0.1.0 4.00 103.00 107.00 NOTE
r-release-osx-x86_64 0.1.0 NOTE
r-oldrel-windows-ix86+x86_64 0.1.0 6.00 123.00 129.00 NOTE
r-oldrel-osx-x86_64 0.1.0 NOTE

Check Details

Version: 0.1.0
Check: installed package size
Result: NOTE
     installed size is 5.2Mb
     sub-directories of 1Mb or more:
     doc 3.7Mb
     rmarkdown 1.3Mb
Flavors: r-devel-linux-x86_64-fedora-clang, r-devel-windows-ix86+x86_64, r-patched-solaris-x86, r-release-windows-ix86+x86_64, r-release-osx-x86_64, r-oldrel-windows-ix86+x86_64, r-oldrel-osx-x86_64