CRAN Package Check Results for Package tint

Last updated on 2017-11-23 07:48:06 CET.

Flavor Version Tinstall Tcheck Ttotal Status Flags
r-devel-linux-x86_64-debian-clang 0.0.4 0.96 65.12 66.07 OK
r-devel-linux-x86_64-debian-gcc 0.0.4 1.24 94.45 95.69 OK
r-devel-linux-x86_64-fedora-clang 0.0.4 79.99 OK
r-devel-linux-x86_64-fedora-gcc 0.0.4 117.30 OK
r-devel-windows-ix86+x86_64 0.0.4 4.00 80.00 84.00 OK
r-patched-linux-x86_64 0.0.4 1.13 44.85 45.97 OK
r-patched-solaris-x86 0.0.4 70.40 ERROR
r-release-linux-x86_64 0.0.4 1.13 45.11 46.24 OK
r-release-windows-ix86+x86_64 0.0.4 5.00 122.00 127.00 WARN
r-release-osx-x86_64 0.0.4 ERROR
r-oldrel-windows-ix86+x86_64 0.0.4 4.00 76.00 80.00 OK
r-oldrel-osx-x86_64 0.0.4 ERROR

Check Details

Version: 0.0.4
Check: tests
Result: ERROR
     Running ‘simple.R’
    Running the tests in ‘tests/simple.R’ failed.
    Complete output:
     >
     > ## run in the R session temp.dir. which gets cleaned
     > setwd(tempdir())
     >
     > ## process html -- should work everywhere
     > file.copy(system.file("examples", "simpleHtml.Rmd", package="tint"), "simpleHtml.Rmd")
     [1] TRUE
     > rmarkdown::render("simpleHtml.Rmd")
     Error: pandoc version 1.12.3 or higher is required and was not found (see the help page ?rmarkdown::pandoc_available).
     Execution halted
Flavor: r-patched-solaris-x86

Version: 0.0.4
Check: re-building of vignette outputs
Result: WARN
    Error in re-building vignettes:
     ...
    Warning in shell("latexmk -v") :
     'latexmk -v' execution failed with error code 255
    Warning: running command '"D:\compiler\texmf\miktex\bin\latexmk.exe" -v' had status 255
    File::Path version 2.08 required--this is only version 1.08 at D:\Compiler\texmf\scripts\latexmk\perl\latexmk.pl line 122.
    BEGIN failed--compilation aborted at D:\Compiler\texmf\scripts\latexmk\perl\latexmk.pl line 122.
    Warning: running command '"D:\compiler\texmf\miktex\bin\latexmk.exe" -v' had status 255
    Warning in file.create(to[okay]) :
     cannot create file '~/Downloads/test.txt', reason 'No such file or directory'
    Warning: running command '"bibtex" "tintPDF.aux"' had status 1
    This is BibTeX, Version 0.99d (MiKTeX 2.9)
    The top-level auxiliary file: tintPDF.aux
    The style file: plainnat.bst
    I couldn't open database file skeleton.bib.bib
    ---line 103 of file tintPDF.aux
     : \bibdata{skeleton.bib
     : }
    I'm skipping whatever remains of this command
    I found no database files---while reading file tintPDF.aux
    Warning--I didn't find a database entry for "R-rmarkdown"
    Warning--I didn't find a database entry for "R-base"
    (There were 2 error messages)
    Warning: running command '"bibtex" "tintPDF.aux"' had status 1
    Error: processing vignette 'tintPDF.Rmd' failed with diagnostics:
    Failed to build the bibliography via bibtex
    Execution halted
Flavor: r-release-windows-ix86+x86_64

Version: 0.0.4
Check: tests
Result: ERROR
     Running ‘simple.R’ [1s/1s]
    Running the tests in ‘tests/simple.R’ failed.
    Complete output:
     >
     > ## run in the R session temp.dir. which gets cleaned
     > setwd(tempdir())
     >
     > ## process html -- should work everywhere
     > file.copy(system.file("examples", "simpleHtml.Rmd", package="tint"), "simpleHtml.Rmd")
     [1] TRUE
     > rmarkdown::render("simpleHtml.Rmd")
     Error: pandoc version 1.12.3 or higher is required and was not found (see the help page ?rmarkdown::pandoc_available).
     Execution halted
Flavor: r-release-osx-x86_64

Version: 0.0.4
Check: tests
Result: ERROR
    Running the tests in ‘tests/simple.R’ failed.
    Last 13 lines of output:
     'help.start()' for an HTML browser interface to help.
     Type 'q()' to quit R.
    
     >
     > ## run in the R session temp.dir. which gets cleaned
     > setwd(tempdir())
     >
     > ## process html -- should work everywhere
     > file.copy(system.file("examples", "simpleHtml.Rmd", package="tint"), "simpleHtml.Rmd")
     [1] TRUE
     > rmarkdown::render("simpleHtml.Rmd")
     Error: pandoc version 1.12.3 or higher is required and was not found (see the help page ?rmarkdown::pandoc_available).
     Execution halted
Flavor: r-oldrel-osx-x86_64