CRAN Package Check Results for Package tint

Last updated on 2020-04-10 08:52:48 CEST.

Flavor Version Tinstall Tcheck Ttotal Status Flags
r-devel-linux-x86_64-debian-clang 0.1.2 3.01 43.74 46.75 OK
r-devel-linux-x86_64-debian-gcc 0.1.2 2.51 34.83 37.34 OK
r-devel-linux-x86_64-fedora-clang 0.1.2 58.61 NOTE
r-devel-linux-x86_64-fedora-gcc 0.1.2 58.10 NOTE
r-devel-windows-ix86+x86_64 0.1.2 9.00 71.00 80.00 OK
r-devel-windows-ix86+x86_64-gcc8 0.1.2 7.00 71.00 78.00 OK
r-patched-linux-x86_64 0.1.2 3.43 43.52 46.95 OK
r-patched-osx-x86_64 0.1.2 WARN
r-patched-solaris-x86 0.1.2 70.40 OK
r-release-linux-x86_64 0.1.2 2.78 42.59 45.37 OK
r-release-windows-ix86+x86_64 0.1.2 7.00 86.00 93.00 OK
r-release-osx-x86_64 0.1.2 OK
r-oldrel-windows-ix86+x86_64 0.1.2 7.00 66.00 73.00 OK
r-oldrel-osx-x86_64 0.1.2 OK

Check Details

Version: 0.1.2
Check: top-level files
Result: NOTE
    ‘cleanup’: /bin/bash is not portable
Flavors: r-devel-linux-x86_64-fedora-clang, r-devel-linux-x86_64-fedora-gcc

Version: 0.1.2
Check: re-building of vignette outputs
Result: WARN
    Error(s) in re-building vignettes:
    --- re-building ‘tintHtmlIntro.Rmd’ using rmarkdown
    dyld: lazy symbol binding failed: Symbol not found: ____chkstk_darwin
     Referenced from: /usr/local/bin/pandoc (which was built for Mac OS X 10.15)
     Expected in: /usr/lib/libSystem.B.dylib
    
    dyld: Symbol not found: ____chkstk_darwin
     Referenced from: /usr/local/bin/pandoc (which was built for Mac OS X 10.15)
     Expected in: /usr/lib/libSystem.B.dylib
    
    Error: processing vignette 'tintHtmlIntro.Rmd' failed with diagnostics:
    pandoc document conversion failed with error 6
    --- failed re-building ‘tintHtmlIntro.Rmd’
    
    --- re-building ‘tintPdfIntro.Rmd’ using rmarkdown
    dyld: lazy symbol binding failed: Symbol not found: ____chkstk_darwin
     Referenced from: /usr/local/bin/pandoc (which was built for Mac OS X 10.15)
     Expected in: /usr/lib/libSystem.B.dylib
    
    dyld: Symbol not found: ____chkstk_darwin
     Referenced from: /usr/local/bin/pandoc (which was built for Mac OS X 10.15)
     Expected in: /usr/lib/libSystem.B.dylib
    
    Error: processing vignette 'tintPdfIntro.Rmd' failed with diagnostics:
    pandoc document conversion failed with error 6
    --- failed re-building ‘tintPdfIntro.Rmd’
    
    SUMMARY: processing the following files failed:
     ‘tintHtmlIntro.Rmd’ ‘tintPdfIntro.Rmd’
    
    Error: Vignette re-building failed.
    Execution halted
Flavor: r-patched-osx-x86_64