CRAN Package Check Results for Package tint

Last updated on 2018-08-20 05:49:35 CEST.

Flavor Version Tinstall Tcheck Ttotal Status Flags
r-devel-linux-x86_64-debian-clang 0.1.0 2.02 232.22 234.24 OK
r-devel-linux-x86_64-debian-gcc 0.1.0 1.62 189.07 190.69 OK
r-devel-linux-x86_64-fedora-clang 0.1.0 269.12 NOTE
r-devel-linux-x86_64-fedora-gcc 0.1.0 284.02 OK
r-devel-windows-ix86+x86_64 0.1.0 5.00 124.00 129.00 NOTE
r-patched-linux-x86_64 0.1.0 1.40 231.15 232.55 OK
r-patched-solaris-x86 0.1.0 77.70 NOTE
r-release-linux-x86_64 0.1.0 2.02 230.50 232.52 OK
r-release-windows-ix86+x86_64 0.1.0 6.00 78.00 84.00 NOTE
r-release-osx-x86_64 0.1.0 NOTE
r-oldrel-windows-ix86+x86_64 0.1.0 5.00 147.00 152.00 NOTE
r-oldrel-osx-x86_64 0.1.0 NOTE

Check Details

Version: 0.1.0
Check: installed package size
Result: NOTE
     installed size is 5.2Mb
     sub-directories of 1Mb or more:
     doc 3.7Mb
     rmarkdown 1.3Mb
Flavors: r-devel-linux-x86_64-fedora-clang, r-devel-windows-ix86+x86_64, r-patched-solaris-x86, r-release-windows-ix86+x86_64, r-release-osx-x86_64, r-oldrel-windows-ix86+x86_64, r-oldrel-osx-x86_64