CRAN Package Check Results for Package tinter

Last updated on 2022-05-29 03:52:23 CEST.

Flavor Version Tinstall Tcheck Ttotal Status Flags
r-devel-linux-x86_64-debian-clang 0.1.0 2.90 37.62 40.52 NOTE
r-devel-linux-x86_64-debian-gcc 0.1.0 2.05 30.10 32.15 NOTE
r-devel-linux-x86_64-fedora-clang 0.1.0 49.11 NOTE
r-devel-linux-x86_64-fedora-gcc 0.1.0 38.20 NOTE
r-devel-windows-x86_64 0.1.0 16.00 53.00 69.00 NOTE
r-patched-linux-x86_64 0.1.0 2.88 36.94 39.82 NOTE
r-release-linux-x86_64 0.1.0 2.24 36.76 39.00 NOTE
r-release-macos-arm64 0.1.0 19.00 NOTE
r-release-macos-x86_64 0.1.0 24.00 NOTE
r-release-windows-x86_64 0.1.0 10.00 54.00 64.00 NOTE
r-oldrel-macos-arm64 0.1.0 21.00 NOTE
r-oldrel-macos-x86_64 0.1.0 27.00 NOTE
r-oldrel-windows-ix86+x86_64 0.1.0 6.00 46.00 52.00 NOTE

Check Details

Version: 0.1.0
Check: LazyData
Result: NOTE
     'LazyData' is specified without a 'data' directory
Flavors: r-devel-linux-x86_64-debian-clang, r-devel-linux-x86_64-debian-gcc, r-devel-linux-x86_64-fedora-clang, r-devel-linux-x86_64-fedora-gcc, r-devel-windows-x86_64, r-patched-linux-x86_64, r-release-linux-x86_64, r-release-macos-arm64, r-release-macos-x86_64, r-release-windows-x86_64, r-oldrel-macos-arm64, r-oldrel-macos-x86_64, r-oldrel-windows-ix86+x86_64