CRAN Package Check Results for Package tinylabels

Last updated on 2024-06-13 02:59:18 CEST.

Flavor Version Tinstall Tcheck Ttotal Status Flags
r-devel-linux-x86_64-debian-clang 0.2.4 3.49 62.87 66.36 OK
r-devel-linux-x86_64-debian-gcc 0.2.4 2.48 26.75 29.23 ERROR
r-devel-linux-x86_64-fedora-clang 0.2.4 84.21 OK
r-devel-linux-x86_64-fedora-gcc 0.2.4 93.48 OK
r-devel-windows-x86_64 0.2.4 6.00 65.00 71.00 OK
r-patched-linux-x86_64 0.2.4 3.52 59.52 63.04 OK
r-release-linux-x86_64 0.2.4 2.87 57.13 60.00 OK
r-release-macos-arm64 0.2.4 31.00 OK
r-release-macos-x86_64 0.2.4 49.00 OK
r-release-windows-x86_64 0.2.4 5.00 67.00 72.00 OK
r-oldrel-macos-arm64 0.2.4 47.00 OK
r-oldrel-macos-x86_64 0.2.4 87.00 OK
r-oldrel-windows-x86_64 0.2.4 6.00 74.00 80.00 OK

Check Details

Version: 0.2.4
Check: package dependencies
Result: NOTE Packages suggested but not available for checking: 'testthat', 'vctrs', 'dplyr', 'ggplot2' Flavor: r-devel-linux-x86_64-debian-gcc

Version: 0.2.4
Check: examples
Result: ERROR Running examples in ‘tinylabels-Ex.R’ failed The error most likely occurred in: > base::assign(".ptime", proc.time(), pos = "CheckExEnv") > ### Name: label_variable > ### Title: Label Variables Using Pipes > ### Aliases: label_variable label_variables > > ### ** Examples > > library(dplyr) Error in library(dplyr) : there is no package called ‘dplyr’ Execution halted Flavor: r-devel-linux-x86_64-debian-gcc

Version: 0.2.4
Check: tests
Result: ERROR Running ‘testthat.R’ [0s/0s] Running the tests in ‘tests/testthat.R’ failed. Complete output: > library("testthat") Error in library("testthat") : there is no package called 'testthat' Execution halted Flavor: r-devel-linux-x86_64-debian-gcc

Version: 0.2.4
Check: re-building of vignette outputs
Result: ERROR Error(s) in re-building vignettes: ... --- re-building ‘specification.Rmd’ using rmarkdown --- finished re-building ‘specification.Rmd’ --- re-building ‘tinylabels_vignette.Rmd’ using rmarkdown Quitting from lines 131-134 [unnamed-chunk-10] (tinylabels_vignette.Rmd) Error: processing vignette 'tinylabels_vignette.Rmd' failed with diagnostics: there is no package called 'dplyr' --- failed re-building ‘tinylabels_vignette.Rmd’ SUMMARY: processing the following file failed: ‘tinylabels_vignette.Rmd’ Error: Vignette re-building failed. Execution halted Flavor: r-devel-linux-x86_64-debian-gcc