Last updated on 2023-03-23 01:50:35 CET.
Flavor | Version | Tinstall | Tcheck | Ttotal | Status | Flags |
---|---|---|---|---|---|---|
r-devel-linux-x86_64-debian-clang | 0.2.2 | 3.55 | 34.49 | 38.04 | NOTE | |
r-devel-linux-x86_64-debian-gcc | 0.2.2 | 2.86 | 27.22 | 30.08 | NOTE | |
r-devel-linux-x86_64-fedora-clang | 0.2.2 | 49.24 | NOTE | |||
r-devel-linux-x86_64-fedora-gcc | 0.2.2 | 45.98 | NOTE | |||
r-patched-linux-x86_64 | 0.2.2 | 5.67 | 31.11 | 36.78 | NOTE | |
r-release-linux-x86_64 | 0.2.2 | 2.34 | 31.48 | 33.82 | NOTE | |
r-release-macos-arm64 | 0.2.2 | 21.00 | NOTE | |||
r-release-macos-x86_64 | 0.2.2 | 25.00 | NOTE | |||
r-release-windows-x86_64 | 0.2.2 | 8.00 | 65.00 | 73.00 | NOTE | |
r-oldrel-macos-arm64 | 0.2.2 | 24.00 | NOTE | |||
r-oldrel-macos-x86_64 | 0.2.2 | 29.00 | NOTE | |||
r-oldrel-windows-ix86+x86_64 | 0.2.2 | 7.00 | 56.00 | 63.00 | NOTE |
Version: 0.2.2
Check: LazyData
Result: NOTE
'LazyData' is specified without a 'data' directory
Flavors: r-devel-linux-x86_64-debian-clang, r-devel-linux-x86_64-debian-gcc, r-devel-linux-x86_64-fedora-clang, r-devel-linux-x86_64-fedora-gcc, r-patched-linux-x86_64, r-release-linux-x86_64, r-release-macos-arm64, r-release-macos-x86_64, r-release-windows-x86_64, r-oldrel-macos-arm64, r-oldrel-macos-x86_64, r-oldrel-windows-ix86+x86_64