CRAN Package Check Results for Package tipom

Last updated on 2021-11-26 23:50:18 CET.

Flavor Version Tinstall Tcheck Ttotal Status Flags
r-devel-linux-x86_64-debian-clang 1.0.2-1 1.76 20.77 22.53 NOTE
r-devel-linux-x86_64-debian-gcc 1.0.2-1 1.55 16.63 18.18 NOTE
r-devel-linux-x86_64-fedora-clang 1.0.2-1 40.03 NOTE
r-devel-linux-x86_64-fedora-gcc 1.0.2-1 28.00 NOTE
r-devel-windows-x86_64-new-UL 1.0.2-1 6.00 52.00 58.00 NOTE
r-devel-windows-x86_64-new-TK 1.0.2-1 NOTE
r-devel-windows-x86_64-old 1.0.2-1 3.00 29.00 32.00 NOTE
r-patched-linux-x86_64 1.0.2-1 2.03 19.99 22.02 NOTE
r-patched-solaris-x86 1.0.2-1 44.50 NOTE
r-release-linux-x86_64 1.0.2-1 NOTE
r-release-macos-arm64 1.0.2-1 NOTE
r-release-macos-x86_64 1.0.2-1 NOTE
r-release-windows-ix86+x86_64 1.0.2-1 4.00 28.00 32.00 NOTE
r-oldrel-macos-x86_64 1.0.2-1 NOTE
r-oldrel-windows-ix86+x86_64 1.0.2-1 4.00 28.00 32.00 NOTE

Check Details

Version: 1.0.2-1
Check: top-level files
Result: NOTE
    Non-standard files/directories found at top level:
     'DESCRIPTION.orig' 'README.rst'
Flavors: r-devel-linux-x86_64-debian-clang, r-devel-linux-x86_64-debian-gcc, r-devel-linux-x86_64-fedora-clang, r-devel-linux-x86_64-fedora-gcc, r-patched-linux-x86_64, r-release-linux-x86_64

Version: 1.0.2-1
Check: R code for possible problems
Result: NOTE
    tipom.car: no visible global function definition for 'abline'
    tipom.car: no visible global function definition for 'axis'
    tipom.heat: no visible global function definition for 'image'
    tipom.heat: no visible global function definition for 'gray'
    tipom.lw: no visible global function definition for 'abline'
    Undefined global functions or variables:
     abline axis gray image
    Consider adding
     importFrom("grDevices", "gray")
     importFrom("graphics", "abline", "axis", "image")
    to your NAMESPACE file.
Flavors: r-devel-linux-x86_64-debian-clang, r-devel-linux-x86_64-debian-gcc, r-devel-linux-x86_64-fedora-clang, r-devel-linux-x86_64-fedora-gcc, r-devel-windows-x86_64-new-UL, r-devel-windows-x86_64-new-TK, r-devel-windows-x86_64-old, r-patched-linux-x86_64, r-patched-solaris-x86, r-release-linux-x86_64, r-release-macos-arm64, r-release-macos-x86_64, r-release-windows-ix86+x86_64, r-oldrel-macos-x86_64, r-oldrel-windows-ix86+x86_64