CRAN Package Check Results for Package tippy

Last updated on 2024-04-15 19:56:13 CEST.

Flavor Version Tinstall Tcheck Ttotal Status Flags
r-devel-linux-x86_64-debian-clang 0.1.0 2.78 29.97 32.75 NOTE
r-devel-linux-x86_64-debian-gcc 0.1.0 2.26 23.28 25.54 NOTE
r-devel-linux-x86_64-fedora-clang 0.1.0 43.16 NOTE
r-devel-linux-x86_64-fedora-gcc 0.1.0 39.89 NOTE
r-prerel-macos-arm64 0.1.0 19.00 NOTE
r-prerel-windows-x86_64 0.1.0 5.00 49.00 54.00 NOTE
r-patched-linux-x86_64 0.1.0 2.63 28.04 30.67 NOTE
r-release-linux-x86_64 0.1.0 2.91 29.08 31.99 NOTE
r-release-macos-arm64 0.1.0 18.00 NOTE
r-release-macos-x86_64 0.1.0 25.00 NOTE
r-release-windows-x86_64 0.1.0 5.00 49.00 54.00 NOTE
r-oldrel-macos-arm64 0.1.0 16.00 NOTE
r-oldrel-windows-x86_64 0.1.0 5.00 50.00 55.00 NOTE

Check Details

Version: 0.1.0
Check: LazyData
Result: NOTE 'LazyData' is specified without a 'data' directory Flavors: r-devel-linux-x86_64-debian-clang, r-devel-linux-x86_64-debian-gcc, r-devel-linux-x86_64-fedora-clang, r-devel-linux-x86_64-fedora-gcc, r-prerel-macos-arm64, r-prerel-windows-x86_64, r-patched-linux-x86_64, r-release-linux-x86_64, r-release-macos-arm64, r-release-macos-x86_64, r-release-windows-x86_64, r-oldrel-macos-arm64, r-oldrel-windows-x86_64