Last updated on 2022-06-29 11:52:24 CEST.
Flavor | Version | Tinstall | Tcheck | Ttotal | Status | Flags |
---|---|---|---|---|---|---|
r-devel-linux-x86_64-debian-clang | 0.1.0 | 2.63 | 41.28 | 43.91 | NOTE | |
r-devel-linux-x86_64-debian-gcc | 0.1.0 | 2.56 | 31.86 | 34.42 | NOTE | |
r-devel-linux-x86_64-fedora-clang | 0.1.0 | 63.81 | NOTE | |||
r-devel-linux-x86_64-fedora-gcc | 0.1.0 | 63.32 | NOTE | |||
r-devel-windows-x86_64 | 0.1.0 | 48.00 | 117.00 | 165.00 | NOTE | |
r-patched-linux-x86_64 | 0.1.0 | 3.18 | 39.95 | 43.13 | NOTE | |
r-release-linux-x86_64 | 0.1.0 | 2.79 | 39.90 | 42.69 | NOTE | |
r-release-macos-arm64 | 0.1.0 | 22.00 | NOTE | |||
r-release-macos-x86_64 | 0.1.0 | 26.00 | NOTE | |||
r-release-windows-x86_64 | 0.1.0 | 73.00 | 107.00 | 180.00 | NOTE | |
r-oldrel-macos-arm64 | 0.1.0 | 19.00 | NOTE | |||
r-oldrel-macos-x86_64 | 0.1.0 | 31.00 | NOTE | |||
r-oldrel-windows-ix86+x86_64 | 0.1.0 | 7.00 | 74.00 | 81.00 | NOTE |
Version: 0.1.0
Check: LazyData
Result: NOTE
'LazyData' is specified without a 'data' directory
Flavors: r-devel-linux-x86_64-debian-clang, r-devel-linux-x86_64-debian-gcc, r-devel-linux-x86_64-fedora-clang, r-devel-linux-x86_64-fedora-gcc, r-devel-windows-x86_64, r-patched-linux-x86_64, r-release-linux-x86_64, r-release-macos-arm64, r-release-macos-x86_64, r-release-windows-x86_64, r-oldrel-macos-arm64, r-oldrel-macos-x86_64, r-oldrel-windows-ix86+x86_64