CRAN Package Check Results for Package tkrgl

Last updated on 2019-04-26 13:47:56 CEST.

Flavor Version Tinstall Tcheck Ttotal Status Flags
r-devel-linux-x86_64-debian-clang 0.8 3.40 29.75 33.15 OK
r-devel-linux-x86_64-debian-gcc 0.8 2.83 25.17 28.00 OK
r-devel-linux-x86_64-fedora-clang 0.8 41.63 OK
r-devel-linux-x86_64-fedora-gcc 0.8 39.99 OK
r-devel-windows-ix86+x86_64 0.8 11.00 71.00 82.00 OK
r-patched-linux-x86_64 0.8 3.70 31.18 34.88 OK
r-patched-solaris-x86 0.8 72.10 OK
r-release-linux-x86_64 0.8 2.20 29.62 31.82 OK
r-release-windows-ix86+x86_64 0.8 9.00 50.00 59.00 OK
r-release-osx-x86_64 0.8 OK
r-oldrel-windows-ix86+x86_64 0.8 5.00 66.00 71.00 OK
r-oldrel-osx-x86_64 0.8 WARN

Check Details

Version: 0.8
Check: whether package can be installed
Result: WARN
    Found the following significant warnings:
     Warning: 'rgl_init' failed, running with rgl.useNULL = TRUE
Flavor: r-oldrel-osx-x86_64