CRAN Package Check Results for Package tkrgl

Last updated on 2019-02-18 10:47:27 CET.

Flavor Version Tinstall Tcheck Ttotal Status Flags
r-devel-linux-x86_64-debian-clang 0.8 2.50 31.42 33.92 OK
r-devel-linux-x86_64-debian-gcc 0.8 2.16 25.32 27.48 OK
r-devel-linux-x86_64-fedora-clang 0.8 42.31 OK
r-devel-linux-x86_64-fedora-gcc 0.8 39.43 OK
r-devel-windows-ix86+x86_64 0.8 8.00 49.00 57.00 OK
r-patched-linux-x86_64 0.8 2.20 29.34 31.54 OK
r-patched-solaris-x86 0.8 64.40 OK
r-release-linux-x86_64 0.8 OK
r-release-windows-ix86+x86_64 0.8 4.00 80.00 84.00 OK
r-release-osx-x86_64 0.8 OK
r-oldrel-windows-ix86+x86_64 0.8 5.00 161.00 166.00 OK
r-oldrel-osx-x86_64 0.8 WARN

Check Details

Version: 0.8
Check: whether package can be installed
Result: WARN
    Found the following significant warnings:
     Warning: 'rgl_init' failed, running with rgl.useNULL = TRUE
Flavor: r-oldrel-osx-x86_64