CRAN Package Check Results for Package tkrgl

Last updated on 2019-08-19 11:49:16 CEST.

Flavor Version Tinstall Tcheck Ttotal Status Flags
r-devel-linux-x86_64-debian-clang 0.8 3.55 29.73 33.28 OK
r-devel-linux-x86_64-debian-gcc 0.8 3.34 25.50 28.84 OK
r-devel-linux-x86_64-fedora-clang 0.8 42.08 OK
r-devel-linux-x86_64-fedora-gcc 0.8 41.41 OK
r-devel-windows-ix86+x86_64 0.8 14.00 57.00 71.00 OK
r-patched-linux-x86_64 0.8 3.69 30.94 34.63 OK
r-patched-solaris-x86 0.8 76.40 OK
r-release-linux-x86_64 0.8 3.66 31.39 35.05 OK
r-release-windows-ix86+x86_64 0.8 7.00 46.00 53.00 OK
r-release-osx-x86_64 0.8 WARN
r-oldrel-windows-ix86+x86_64 0.8 8.00 62.00 70.00 OK
r-oldrel-osx-x86_64 0.8 OK

Check Details

Version: 0.8
Check: whether package can be installed
Result: WARN
    Found the following significant warnings:
     Warning: 'rgl_init' failed, running with rgl.useNULL = TRUE
Flavor: r-release-osx-x86_64