CRAN Package Check Results for Package tlrmvnmvt

Last updated on 2020-08-15 21:48:07 CEST.

Flavor Version Tinstall Tcheck Ttotal Status Flags
r-devel-linux-x86_64-debian-clang 1.1.0 238.47 38.79 277.26 OK
r-devel-linux-x86_64-debian-gcc 1.1.0 171.16 30.93 202.09 OK
r-devel-linux-x86_64-fedora-clang 1.1.0 404.67 NOTE
r-devel-linux-x86_64-fedora-gcc 1.1.0 344.62 OK
r-devel-windows-ix86+x86_64 1.1.0 593.00 128.00 721.00 OK
r-patched-linux-x86_64 1.1.0 175.84 39.70 215.54 OK
r-patched-solaris-x86 1.1.0 279.00 OK
r-release-linux-x86_64 1.1.0 172.91 40.09 213.00 OK
r-release-macos-x86_64 1.1.0 NOTE
r-release-windows-ix86+x86_64 1.1.0 586.00 97.00 683.00 OK
r-oldrel-macos-x86_64 1.1.0 NOTE
r-oldrel-windows-ix86+x86_64 1.1.0 362.00 109.00 471.00 OK

Check Details

Version: 1.1.0
Check: installed package size
Result: NOTE
     installed size is 11.6Mb
     sub-directories of 1Mb or more:
     libs 11.5Mb
Flavors: r-devel-linux-x86_64-fedora-clang, r-release-macos-x86_64, r-oldrel-macos-x86_64