CRAN Package Check Results for Package tm

Last updated on 2025-01-25 10:49:27 CET.

Flavor Version Tinstall Tcheck Ttotal Status Flags
r-devel-linux-x86_64-debian-clang 0.7-15 18.82 61.20 80.02 OK
r-devel-linux-x86_64-debian-gcc 0.7-15 14.37 44.44 58.81 OK
r-devel-linux-x86_64-fedora-clang 0.7-15 140.84 OK
r-devel-linux-x86_64-fedora-gcc 0.7-15 144.50 OK
r-devel-windows-x86_64 0.7-15 25.00 139.00 164.00 OK
r-patched-linux-x86_64 0.7-15 22.13 57.21 79.34 NOTE
r-release-linux-x86_64 0.7-15 21.27 56.79 78.06 NOTE
r-release-macos-arm64 0.7-15 67.00 NOTE
r-release-macos-x86_64 0.7-15 129.00 NOTE
r-release-windows-x86_64 0.7-15 27.00 136.00 163.00 NOTE
r-oldrel-macos-arm64 0.7-15 74.00 NOTE
r-oldrel-macos-x86_64 0.7-15 116.00 NOTE
r-oldrel-windows-x86_64 0.7-15 30.00 137.00 167.00 NOTE

Check Details

Version: 0.7-15
Check: package dependencies
Result: NOTE Packages suggested but not available for checking: 'Rcampdf', 'tm.lexicon.GeneralInquirer' Flavors: r-patched-linux-x86_64, r-release-linux-x86_64, r-release-macos-arm64, r-release-macos-x86_64, r-release-windows-x86_64, r-oldrel-macos-arm64, r-oldrel-macos-x86_64

Version: 0.7-15
Check: package dependencies
Result: NOTE Packages suggested but not available for checking: 'Rcampdf', 'Rpoppler', 'tm.lexicon.GeneralInquirer' Flavor: r-oldrel-windows-x86_64