CRAN Package Check Results for Package tm

Last updated on 2021-06-21 20:50:04 CEST.

Flavor Version Tinstall Tcheck Ttotal Status Flags
r-devel-linux-x86_64-debian-clang 0.7-8 34.12 64.05 98.17 NOTE
r-devel-linux-x86_64-debian-gcc 0.7-8 21.81 50.65 72.46 NOTE
r-devel-linux-x86_64-fedora-clang 0.7-8 136.00 NOTE
r-devel-linux-x86_64-fedora-gcc 0.7-8 119.68 NOTE
r-devel-windows-x86_64 0.7-8 43.00 112.00 155.00 NOTE
r-devel-windows-x86_64-gcc10-UCRT 0.7-8 NOTE
r-patched-linux-x86_64 0.7-8 29.55 62.47 92.02 NOTE
r-patched-solaris-x86 0.7-8 144.30 NOTE
r-release-linux-x86_64 0.7-8 27.02 62.40 89.42 NOTE
r-release-macos-arm64 0.7-8 NOTE
r-release-macos-x86_64 0.7-8 NOTE
r-release-windows-ix86+x86_64 0.7-8 80.00 106.00 186.00 WARN
r-oldrel-macos-x86_64 0.7-8 NOTE

Check Details

Version: 0.7-8
Check: package dependencies
Result: NOTE
    Packages suggested but not available for checking:
     'Rcampdf', 'tm.lexicon.GeneralInquirer'
Flavors: r-devel-linux-x86_64-debian-clang, r-devel-linux-x86_64-debian-gcc, r-devel-linux-x86_64-fedora-clang, r-devel-linux-x86_64-fedora-gcc, r-patched-linux-x86_64, r-patched-solaris-x86, r-release-linux-x86_64

Version: 0.7-8
Check: Rd cross-references
Result: NOTE
    Undeclared packages ‘tm.plugin.dc’, ‘readtext’, ‘graph’, ‘tau’, ‘tokenizers’ in Rd xrefs
Flavor: r-devel-linux-x86_64-fedora-clang

Version: 0.7-8
Check: package dependencies
Result: NOTE
    Packages suggested but not available for checking:
     'Rcampdf', 'Rpoppler', 'tm.lexicon.GeneralInquirer'
Flavors: r-devel-windows-x86_64, r-release-macos-x86_64, r-release-windows-ix86+x86_64, r-oldrel-macos-x86_64

Version: 0.7-8
Check: Rd cross-references
Result: NOTE
    Package unavailable to check Rd xrefs: 'Rpoppler'
Flavors: r-devel-windows-x86_64, r-release-macos-arm64, r-release-macos-x86_64, r-release-windows-ix86+x86_64, r-oldrel-macos-x86_64

Version: 0.7-8
Check: package dependencies
Result: NOTE
    Packages suggested but not available for checking:
     'pdftools', 'Rcampdf', 'Rgraphviz', 'Rpoppler',
     'tm.lexicon.GeneralInquirer'
Flavor: r-devel-windows-x86_64-gcc10-UCRT

Version: 0.7-8
Check: Rd cross-references
Result: NOTE
    Packages unavailable to check Rd xrefs: 'readtext', 'pdftools', 'Rpoppler'
Flavor: r-devel-windows-x86_64-gcc10-UCRT

Version: 0.7-8
Check: package dependencies
Result: NOTE
    Packages suggested but not available for checking:
     'Rcampdf', 'Rgraphviz', 'Rpoppler', 'tm.lexicon.GeneralInquirer'
Flavor: r-release-macos-arm64

Version: 0.7-8
Check: re-building of vignette outputs
Result: WARN
    Error(s) in re-building vignettes:
    --- re-building 'extensions.Rnw' using Sweave
    Loading required package: NLP
    --- finished re-building 'extensions.Rnw'
    
    --- re-building 'tm.Rnw' using Sweave
    Loading required package: NLP
    Warning in system(paste(shQuote(texi2dvi), if (quiet) "--quiet" else "", :
     running command '"D:\compiler\texmf\miktex\bin\texify.exe" --quiet --pdf "tm.tex" --max-iterations=20 -I "D:/RCompile/recent/R-4.1.0/share/texmf/tex/latex" -I "D:/RCompile/recent/R-4.1.0/share/texmf/bibtex/bst"' had status 1
    Error: processing vignette 'tm.Rnw' failed with diagnostics:
    Failed to locate 'texi2pdf' output file 'tm.pdf' for vignette with name 'tm' and engine 'utils::Sweave'. The following files exist in working directory 'd:\RCompile\CRANpkg\local\4.1\tm.Rcheck\vign_test\tm\vignettes': 'extensions.Rnw' (11961 bytes), 'extensions.aux' (174 bytes), 'extensions.bbl' (631 bytes), 'extensions.blg' (139 bytes), 'extensions.log' (17422 bytes), 'extensions.pdf' (160336 bytes), 'extensions.tex' (14639 bytes), 'references.bib' (715 bytes), 'tm.Rnw' (14149 bytes), 'tm.tex' (23502 bytes)
    --- failed re-building 'tm.Rnw'
    
    SUMMARY: processing the following file failed:
     'tm.Rnw'
    
    Error: Vignette re-building failed.
    Execution halted
Flavor: r-release-windows-ix86+x86_64