CRAN Package Check Results for Package tm.plugin.webmining

Last updated on 2019-06-19 18:52:58 CEST.

Flavor Version Tinstall Tcheck Ttotal Status Flags
r-devel-linux-x86_64-debian-clang 1.3 7.14 57.51 64.65 NOTE
r-devel-linux-x86_64-debian-gcc 1.3 5.40 46.82 52.22 NOTE
r-devel-linux-x86_64-fedora-clang 1.3 77.23 NOTE
r-devel-linux-x86_64-fedora-gcc 1.3 76.70 NOTE
r-devel-windows-ix86+x86_64 1.3 19.00 103.00 122.00 NOTE
r-patched-linux-x86_64 1.3 6.97 57.77 64.74 NOTE
r-patched-solaris-x86 1.3 131.40 NOTE
r-release-linux-x86_64 1.3 6.88 59.20 66.08 NOTE
r-release-windows-ix86+x86_64 1.3 19.00 97.00 116.00 NOTE
r-release-osx-x86_64 1.3 NOTE
r-oldrel-windows-ix86+x86_64 1.3 7.00 96.00 103.00 NOTE
r-oldrel-osx-x86_64 1.3 NOTE

Check Details

Version: 1.3
Check: R code for possible problems
Result: NOTE
    extractContentDOM: no visible global function definition for
     'capture.output'
    extractHTMLStrip: no visible global function definition for
     'capture.output'
    Undefined global functions or variables:
     capture.output
    Consider adding
     importFrom("utils", "capture.output")
    to your NAMESPACE file.
Flavors: r-devel-linux-x86_64-debian-clang, r-devel-linux-x86_64-debian-gcc, r-devel-linux-x86_64-fedora-clang, r-devel-linux-x86_64-fedora-gcc, r-devel-windows-ix86+x86_64, r-patched-linux-x86_64, r-patched-solaris-x86, r-release-linux-x86_64, r-release-windows-ix86+x86_64, r-release-osx-x86_64, r-oldrel-windows-ix86+x86_64, r-oldrel-osx-x86_64