CRAN Package Check Results for Package tm.plugin.webmining

Last updated on 2021-06-19 13:00:55 CEST.

Flavor Version Tinstall Tcheck Ttotal Status Flags
r-devel-linux-x86_64-debian-clang 1.3 5.62 70.57 76.19 NOTE
r-devel-linux-x86_64-debian-gcc 1.3 5.31 54.84 60.15 NOTE
r-devel-linux-x86_64-fedora-clang 1.3 106.34 NOTE
r-devel-linux-x86_64-fedora-gcc 1.3 95.03 NOTE
r-devel-windows-x86_64 1.3 10.00 77.00 87.00 NOTE
r-devel-windows-x86_64-gcc10-UCRT 1.3 NOTE
r-patched-linux-x86_64 1.3 6.99 68.37 75.36 NOTE
r-patched-solaris-x86 1.3 144.00 NOTE
r-release-linux-x86_64 1.3 5.98 68.94 74.92 NOTE
r-release-macos-arm64 1.3 ERROR
r-release-macos-x86_64 1.3 NOTE
r-release-windows-ix86+x86_64 1.3 15.00 84.00 99.00 NOTE
r-oldrel-macos-x86_64 1.3 NOTE
r-oldrel-windows-ix86+x86_64 1.3 13.00 107.00 120.00 NOTE

Check Details

Version: 1.3
Check: R code for possible problems
Result: NOTE
    extractContentDOM: no visible global function definition for
     'capture.output'
    extractHTMLStrip: no visible global function definition for
     'capture.output'
    Undefined global functions or variables:
     capture.output
    Consider adding
     importFrom("utils", "capture.output")
    to your NAMESPACE file.
Flavors: r-devel-linux-x86_64-debian-clang, r-devel-linux-x86_64-debian-gcc, r-devel-linux-x86_64-fedora-clang, r-devel-linux-x86_64-fedora-gcc, r-devel-windows-x86_64, r-devel-windows-x86_64-gcc10-UCRT, r-patched-linux-x86_64, r-patched-solaris-x86, r-release-linux-x86_64, r-release-macos-x86_64, r-release-windows-ix86+x86_64, r-oldrel-macos-x86_64, r-oldrel-windows-ix86+x86_64

Version: 1.3
Check: whether package can be installed
Result: ERROR
    Installation failed.
Flavor: r-release-macos-arm64