CRAN Package Check Results for Package tm1r

Last updated on 2022-01-26 08:51:34 CET.

Flavor Version Tinstall Tcheck Ttotal Status Flags
r-devel-linux-x86_64-debian-clang 1.1.8 3.01 34.94 37.95 NOTE
r-devel-linux-x86_64-debian-gcc 1.1.8 2.69 27.57 30.26 NOTE
r-devel-linux-x86_64-fedora-clang 1.1.8 47.59 NOTE
r-devel-linux-x86_64-fedora-gcc 1.1.8 36.28 NOTE
r-devel-windows-x86_64-new-UL 1.1.8 33.00 54.00 87.00 NOTE
r-devel-windows-x86_64-new-TK 1.1.8 NOTE
r-patched-linux-x86_64 1.1.8 3.29 33.41 36.70 NOTE
r-release-linux-x86_64 1.1.8 3.55 33.41 36.96 NOTE
r-release-macos-arm64 1.1.8 NOTE
r-release-macos-x86_64 1.1.8 NOTE
r-release-windows-ix86+x86_64 1.1.8 8.00 43.00 51.00 NOTE
r-oldrel-macos-x86_64 1.1.8 OK
r-oldrel-windows-ix86+x86_64 1.1.8 7.00 44.00 51.00 OK

Check Details

Version: 1.1.8
Check: LazyData
Result: NOTE
     'LazyData' is specified without a 'data' directory
Flavors: r-devel-linux-x86_64-debian-clang, r-devel-linux-x86_64-debian-gcc, r-devel-linux-x86_64-fedora-clang, r-devel-linux-x86_64-fedora-gcc, r-devel-windows-x86_64-new-UL, r-devel-windows-x86_64-new-TK, r-patched-linux-x86_64, r-release-linux-x86_64, r-release-macos-arm64, r-release-macos-x86_64, r-release-windows-ix86+x86_64