CRAN Package Check Results for Package tmap

Last updated on 2021-01-22 22:48:57 CET.

Flavor Version Tinstall Tcheck Ttotal Status Flags
r-devel-linux-x86_64-debian-clang 3.3 31.30 260.64 291.94 OK
r-devel-linux-x86_64-debian-gcc 3.3 23.55 192.96 216.51 OK
r-devel-linux-x86_64-fedora-clang 3.3 364.46 OK
r-devel-linux-x86_64-fedora-gcc 3.3 266.11 OK
r-devel-windows-ix86+x86_64 3.3 58.00 289.00 347.00 OK
r-patched-linux-x86_64 3.3 27.88 240.56 268.44 OK
r-patched-solaris-x86 3.3 407.80 NOTE
r-release-linux-x86_64 3.3 27.57 242.92 270.49 OK
r-release-macos-x86_64 3.3 OK
r-release-windows-ix86+x86_64 3.2 60.00 310.00 370.00 OK
r-oldrel-macos-x86_64 3.3 OK
r-oldrel-windows-ix86+x86_64 3.3 49.00 249.00 298.00 OK

Check Details

Version: 3.3
Check: package dependencies
Result: NOTE
    Packages suggested but not available for checking: 'av', 'gifski'
Flavor: r-patched-solaris-x86