CRAN Package Check Results for Package tmbstan

Last updated on 2019-11-19 01:50:59 CET.

Flavor Version Tinstall Tcheck Ttotal Status Flags
r-devel-linux-x86_64-debian-clang 1.0.2 96.07 90.73 186.80 OK
r-devel-linux-x86_64-debian-gcc 1.0.2 97.30 76.20 173.50 OK
r-devel-linux-x86_64-fedora-clang 1.0.2 239.13 NOTE
r-devel-linux-x86_64-fedora-gcc 1.0.2 273.54 OK
r-devel-windows-ix86+x86_64 1.0.2 252.00 210.00 462.00 OK
r-patched-linux-x86_64 1.0.2 97.66 86.66 184.32 OK
r-patched-solaris-x86 1.0.2 283.10 OK
r-release-linux-x86_64 1.0.2 95.29 86.08 181.37 OK
r-release-windows-ix86+x86_64 1.0.2 177.00 195.00 372.00 OK
r-release-osx-x86_64 1.0.2 NOTE
r-oldrel-windows-ix86+x86_64 1.0.2 165.00 201.00 366.00 OK
r-oldrel-osx-x86_64 1.0.2 NOTE

Check Details

Version: 1.0.2
Check: installed package size
Result: NOTE
     installed size is 24.0Mb
     sub-directories of 1Mb or more:
     libs 23.8Mb
Flavors: r-devel-linux-x86_64-fedora-clang, r-release-osx-x86_64, r-oldrel-osx-x86_64