CRAN Package Check Results for Package tmbstan

Last updated on 2020-06-04 03:49:34 CEST.

Flavor Version Tinstall Tcheck Ttotal Status Flags
r-devel-linux-x86_64-debian-clang 1.0.2 110.79 98.36 209.15 OK
r-devel-linux-x86_64-debian-gcc 1.0.2 109.97 78.82 188.79 OK
r-devel-linux-x86_64-fedora-clang 1.0.2 293.11 NOTE
r-devel-linux-x86_64-fedora-gcc 1.0.2 303.80 OK
r-devel-windows-ix86+x86_64 1.0.2 201.00 8.00 209.00 ERROR
r-patched-linux-x86_64 1.0.2 106.04 100.47 206.51 OK
r-patched-solaris-x86 1.0.2 310.90 OK
r-release-linux-x86_64 1.0.2 108.17 100.51 208.68 OK
r-release-osx-x86_64 1.0.2 NOTE
r-release-windows-ix86+x86_64 1.0.2 195.00 164.00 359.00 OK
r-oldrel-osx-x86_64 1.0.2 NOTE
r-oldrel-windows-ix86+x86_64 1.0.2 258.00 156.00 414.00 OK

Check Details

Version: 1.0.2
Check: installed package size
Result: NOTE
     installed size is 30.5Mb
     sub-directories of 1Mb or more:
     libs 30.2Mb
Flavors: r-devel-linux-x86_64-fedora-clang, r-release-osx-x86_64, r-oldrel-osx-x86_64

Version: 1.0.2
Check: whether package can be installed
Result: ERROR
    Installation failed.
Flavor: r-devel-windows-ix86+x86_64