CRAN Package Check Results for Package tmcn

Last updated on 2024-05-27 16:57:01 CEST.

Flavor Version Tinstall Tcheck Ttotal Status Flags
r-devel-linux-x86_64-debian-clang 0.2-13 4.63 29.11 33.74 OK
r-devel-linux-x86_64-debian-gcc 0.2-13 3.52 22.97 26.49 OK
r-devel-linux-x86_64-fedora-clang 0.2-13 45.39 NOTE
r-devel-linux-x86_64-fedora-gcc 0.2-13 40.98 NOTE
r-devel-windows-x86_64 0.2-13 8.00 50.00 58.00 OK
r-patched-linux-x86_64 0.2-13 4.63 29.37 34.00 OK
r-release-linux-x86_64 0.2-13 4.21 27.79 32.00 OK
r-release-macos-arm64 0.2-13 20.00 OK
r-release-windows-x86_64 0.2-13 7.00 51.00 58.00 OK
r-oldrel-macos-arm64 0.2-13 21.00 OK
r-oldrel-macos-x86_64 0.2-13 29.00 OK
r-oldrel-windows-x86_64 0.2-13 8.00 54.00 62.00 OK

Check Details

Version: 0.2-13
Check: data for non-ASCII characters
Result: NOTE Note: found 134043 marked UTF-8 strings Flavors: r-devel-linux-x86_64-fedora-clang, r-devel-linux-x86_64-fedora-gcc