CRAN Package Check Results for Package tmg

Last updated on 2020-10-25 21:47:44 CET.

Flavor Version Tinstall Tcheck Ttotal Status Flags
r-devel-linux-x86_64-debian-clang 0.3 22.26 24.25 46.51 OK
r-devel-linux-x86_64-debian-gcc 0.3 16.69 19.55 36.24 OK
r-devel-linux-x86_64-fedora-clang 0.3 75.10 NOTE
r-devel-linux-x86_64-fedora-gcc 0.3 59.61 NOTE
r-devel-windows-ix86+x86_64 0.3 59.00 62.00 121.00 OK
r-patched-linux-x86_64 0.3 23.56 23.59 47.15 OK
r-patched-solaris-x86 0.3 69.00 OK
r-release-linux-x86_64 0.3 22.75 23.56 46.31 OK
r-release-macos-x86_64 0.3 NOTE
r-release-windows-ix86+x86_64 0.3 42.00 55.00 97.00 OK
r-oldrel-macos-x86_64 0.3 NOTE
r-oldrel-windows-ix86+x86_64 0.3 51.00 53.00 104.00 OK

Additional issues

valgrind

Check Details

Version: 0.3
Check: compiled code
Result: NOTE
    File ‘tmg/libs/tmg.so’:
     Found no calls to: ‘R_registerRoutines’, ‘R_useDynamicSymbols’
    
    It is good practice to register native routines and to disable symbol
    search.
    
    See ‘Writing portable packages’ in the ‘Writing R Extensions’ manual.
Flavors: r-devel-linux-x86_64-fedora-clang, r-devel-linux-x86_64-fedora-gcc

Version: 0.3
Check: installed package size
Result: NOTE
     installed size is 5.1Mb
     sub-directories of 1Mb or more:
     libs 4.8Mb
Flavors: r-release-macos-x86_64, r-oldrel-macos-x86_64