CRAN Package Check Results for Package tmle

Last updated on 2024-02-25 19:50:14 CET.

Flavor Version Tinstall Tcheck Ttotal Status Flags
r-devel-linux-x86_64-debian-clang 2.0.0 11.27 91.17 102.44 NOTE
r-devel-linux-x86_64-debian-gcc 2.0.0 8.83 69.88 78.71 NOTE
r-devel-linux-x86_64-fedora-clang 2.0.0 127.58 NOTE
r-devel-linux-x86_64-fedora-gcc 2.0.0 119.26 NOTE
r-devel-windows-x86_64 2.0.0 11.00 82.00 93.00 OK
r-patched-linux-x86_64 2.0.0 16.38 91.14 107.52 OK
r-release-linux-x86_64 2.0.0 9.14 92.28 101.42 OK
r-release-macos-arm64 2.0.0 38.00 OK
r-release-macos-x86_64 2.0.0 75.00 OK
r-release-windows-x86_64 2.0.0 13.00 100.00 113.00 OK
r-oldrel-macos-arm64 2.0.0 42.00 OK
r-oldrel-windows-x86_64 2.0.0 14.00 96.00 110.00 OK

Check Details

Version: 2.0.0
Check: Rd files
Result: NOTE checkRd: (-1) estimateQ.Rd:22: Lost braces 22 | \item{SL.library}{specification of prediction algorithms, default is {(\sQuote{SL.glm}, \sQuote{SL.glmnet}, \sQuote{tmle.SL.dbarts2})}. In practice, including more prediction algorithms in the library improves results.} | ^ checkRd: (-1) tmle.Sl.dbarts2.Rd:26: Lost braces 26 | \item{id}{id}{id to group observations, not used} | ^ checkRd: (-1) tmle.Sl.dbarts2.Rd:51: Lost braces 51 | {object}{an object of type tmle.SL.dbarts2 used internally by \code{Super Learner}} | ^ Flavors: r-devel-linux-x86_64-debian-clang, r-devel-linux-x86_64-debian-gcc, r-devel-linux-x86_64-fedora-clang, r-devel-linux-x86_64-fedora-gcc