CRAN Package Check Results for Package tmpm

Last updated on 2022-10-06 18:50:06 CEST.

Flavor Version Tinstall Tcheck Ttotal Status Flags
r-devel-linux-x86_64-debian-clang 1.0.3 3.18 23.03 26.21 NOTE
r-devel-linux-x86_64-debian-gcc 1.0.3 2.18 23.47 25.65 NOTE
r-devel-linux-x86_64-fedora-clang 1.0.3 52.41 NOTE
r-devel-linux-x86_64-fedora-gcc 1.0.3 49.59 NOTE
r-devel-windows-x86_64 1.0.3 5.00 55.00 60.00 NOTE
r-patched-linux-x86_64 1.0.3 2.43 28.89 31.32 NOTE
r-release-linux-x86_64 1.0.3 2.94 28.67 31.61 NOTE
r-release-macos-arm64 1.0.3 18.00 NOTE
r-release-macos-x86_64 1.0.3 24.00 NOTE
r-release-windows-x86_64 1.0.3 10.00 55.00 65.00 NOTE
r-oldrel-macos-arm64 1.0.3 22.00 NOTE
r-oldrel-macos-x86_64 1.0.3 29.00 NOTE
r-oldrel-windows-ix86+x86_64 1.0.3 8.00 53.00 61.00 NOTE

Check Details

Version: 1.0.3
Check: LazyData
Result: NOTE
     'LazyData' is specified without a 'data' directory
Flavors: r-devel-linux-x86_64-debian-clang, r-devel-linux-x86_64-debian-gcc, r-devel-linux-x86_64-fedora-clang, r-devel-linux-x86_64-fedora-gcc, r-devel-windows-x86_64, r-patched-linux-x86_64, r-release-linux-x86_64, r-release-macos-arm64, r-release-macos-x86_64, r-release-windows-x86_64, r-oldrel-macos-arm64, r-oldrel-macos-x86_64, r-oldrel-windows-ix86+x86_64