CRAN Package Check Results for Package tmt

Last updated on 2021-12-06 08:51:28 CET.

Flavor Version Tinstall Tcheck Ttotal Status Flags
r-devel-linux-x86_64-debian-clang 0.2.1-0 32.84 93.18 126.02 NOTE
r-devel-linux-x86_64-debian-gcc 0.2.1-0 26.44 70.07 96.51 NOTE
r-devel-linux-x86_64-fedora-clang 0.2.1-0 176.75 NOTE
r-devel-linux-x86_64-fedora-gcc 0.2.1-0 144.40 NOTE
r-devel-windows-x86_64-new-UL 0.2.1-0 48.00 155.00 203.00 NOTE
r-devel-windows-x86_64-new-TK 0.2.1-0 NOTE
r-devel-windows-x86_64-old 0.2.1-0 45.00 94.00 139.00 NOTE
r-patched-linux-x86_64 0.2.1-0 28.90 77.60 106.50 NOTE
r-release-linux-x86_64 0.2.1-0 28.45 86.70 115.15 NOTE
r-release-macos-arm64 0.2.1-0 NOTE
r-release-macos-x86_64 0.2.1-0 NOTE
r-release-windows-ix86+x86_64 0.2.1-0 83.00 170.00 253.00 NOTE
r-oldrel-macos-x86_64 0.2.1-0 OK
r-oldrel-windows-ix86+x86_64 0.2.1-0 83.00 171.00 254.00 OK

Check Details

Version: 0.2.1-0
Check: LazyData
Result: NOTE
     'LazyData' is specified without a 'data' directory
Flavors: r-devel-linux-x86_64-debian-clang, r-devel-linux-x86_64-debian-gcc, r-devel-linux-x86_64-fedora-clang, r-devel-linux-x86_64-fedora-gcc, r-devel-windows-x86_64-new-UL, r-devel-windows-x86_64-new-TK, r-devel-windows-x86_64-old, r-patched-linux-x86_64, r-release-linux-x86_64, r-release-macos-arm64, r-release-macos-x86_64, r-release-windows-ix86+x86_64