CRAN Package Check Results for Package tmvmixnorm

Last updated on 2021-09-16 11:53:40 CEST.

Flavor Version Tinstall Tcheck Ttotal Status Flags
r-devel-linux-x86_64-debian-clang 1.1.1 2.32 26.21 28.53 NOTE
r-devel-linux-x86_64-debian-gcc 1.1.1 1.96 20.46 22.42 NOTE
r-devel-linux-x86_64-fedora-clang 1.1.1 43.26 NOTE
r-devel-linux-x86_64-fedora-gcc 1.1.1 32.80 NOTE
r-devel-windows-x86_64 1.1.1 5.00 43.00 48.00 NOTE
r-devel-windows-x86_64-gcc10-UCRT 1.1.1 NOTE
r-patched-linux-x86_64 1.1.1 2.40 25.33 27.73 NOTE
r-patched-solaris-x86 1.1.1 50.90 NOTE
r-release-linux-x86_64 1.1.1 2.50 25.30 27.80 NOTE
r-release-macos-arm64 1.1.1 NOTE
r-release-macos-x86_64 1.1.1 NOTE
r-release-windows-ix86+x86_64 1.1.1 6.00 32.00 38.00 NOTE
r-oldrel-macos-x86_64 1.1.1 OK
r-oldrel-windows-ix86+x86_64 1.1.1 6.00 43.00 49.00 OK

Check Details

Version: 1.1.1
Check: LazyData
Result: NOTE
     'LazyData' is specified without a 'data' directory
Flavors: r-devel-linux-x86_64-debian-clang, r-devel-linux-x86_64-debian-gcc, r-devel-linux-x86_64-fedora-clang, r-devel-linux-x86_64-fedora-gcc, r-devel-windows-x86_64, r-devel-windows-x86_64-gcc10-UCRT, r-patched-linux-x86_64, r-patched-solaris-x86, r-release-linux-x86_64, r-release-macos-arm64, r-release-macos-x86_64, r-release-windows-ix86+x86_64