CRAN Package Check Results for Package tmvtnorm

Last updated on 2019-08-26 11:48:59 CEST.

Flavor Version Tinstall Tcheck Ttotal Status Flags
r-devel-linux-x86_64-debian-clang 1.4-10 10.19 86.43 96.62 OK
r-devel-linux-x86_64-debian-gcc 1.4-10 8.53 67.61 76.14 OK
r-devel-linux-x86_64-fedora-clang 1.4-10 113.87 NOTE
r-devel-linux-x86_64-fedora-gcc 1.4-10 114.56 NOTE
r-devel-windows-ix86+x86_64 1.4-10 32.00 210.00 242.00 OK
r-patched-linux-x86_64 1.4-10 8.84 84.94 93.78 OK
r-patched-solaris-x86 1.4-10 174.80 OK
r-release-linux-x86_64 1.4-10 9.03 86.58 95.61 OK
r-release-windows-ix86+x86_64 1.4-10 32.00 193.00 225.00 OK
r-release-osx-x86_64 1.4-10 OK
r-oldrel-windows-ix86+x86_64 1.4-10 23.00 177.00 200.00 OK
r-oldrel-osx-x86_64 1.4-10 OK

Check Details

Version: 1.4-10
Check: compiled code
Result: NOTE
    File ‘tmvtnorm/libs/tmvtnorm.so’:
     Found no calls to: ‘R_registerRoutines’, ‘R_useDynamicSymbols’
    
    It is good practice to register native routines and to disable symbol
    search.
    
    See ‘Writing portable packages’ in the ‘Writing R Extensions’ manual.
Flavors: r-devel-linux-x86_64-fedora-clang, r-devel-linux-x86_64-fedora-gcc