CRAN Package Check Results for Package tmvtnorm

Last updated on 2019-06-17 10:48:33 CEST.

Flavor Version Tinstall Tcheck Ttotal Status Flags
r-devel-linux-x86_64-debian-clang 1.4-10 8.75 86.10 94.85 OK
r-devel-linux-x86_64-debian-gcc 1.4-10 7.99 67.60 75.59 OK
r-devel-linux-x86_64-fedora-clang 1.4-10 113.45 NOTE
r-devel-linux-x86_64-fedora-gcc 1.4-10 110.77 NOTE
r-devel-windows-ix86+x86_64 1.4-10 27.00 139.00 166.00 OK
r-patched-linux-x86_64 1.4-10 9.02 84.82 93.84 OK
r-patched-solaris-x86 1.4-10 172.70 OK
r-release-linux-x86_64 1.4-10 10.42 85.39 95.81 OK
r-release-windows-ix86+x86_64 1.4-10 22.00 176.00 198.00 OK
r-release-osx-x86_64 1.4-10 OK
r-oldrel-windows-ix86+x86_64 1.4-10 17.00 182.00 199.00 OK
r-oldrel-osx-x86_64 1.4-10 OK

Check Details

Version: 1.4-10
Check: compiled code
Result: NOTE
    File ‘tmvtnorm/libs/tmvtnorm.so’:
     Found no calls to: ‘R_registerRoutines’, ‘R_useDynamicSymbols’
    
    It is good practice to register native routines and to disable symbol
    search.
    
    See ‘Writing portable packages’ in the ‘Writing R Extensions’ manual.
Flavors: r-devel-linux-x86_64-fedora-clang, r-devel-linux-x86_64-fedora-gcc