Last updated on 2021-04-20 02:49:17 CEST.
Flavor | Version | Tinstall | Tcheck | Ttotal | Status | Flags |
---|---|---|---|---|---|---|
r-devel-linux-x86_64-debian-clang | 1.4-10 | 13.08 | 106.08 | 119.16 | OK | |
r-devel-linux-x86_64-debian-gcc | 1.4-10 | 8.91 | 79.64 | 88.55 | OK | |
r-devel-linux-x86_64-fedora-clang | 1.4-10 | 149.15 | NOTE | |||
r-devel-linux-x86_64-fedora-gcc | 1.4-10 | 145.71 | NOTE | |||
r-devel-windows-ix86+x86_64 | 1.4-10 | 27.00 | 146.00 | 173.00 | OK | |
r-devel-windows-x86_64-gcc10-UCRT | 1.4-10 | OK | ||||
r-patched-linux-x86_64 | 1.4-10 | 13.25 | 98.54 | 111.79 | WARN | |
r-patched-solaris-x86 | 1.4-10 | 196.90 | OK | |||
r-release-linux-x86_64 | 1.4-10 | 11.49 | 99.00 | 110.49 | OK | |
r-release-macos-x86_64 | 1.4-10 | OK | ||||
r-release-windows-ix86+x86_64 | 1.4-10 | 26.00 | 199.00 | 225.00 | OK | |
r-oldrel-macos-x86_64 | 1.4-10 | OK | ||||
r-oldrel-windows-ix86+x86_64 | 1.4-10 | 17.00 | 169.00 | 186.00 | OK |
Version: 1.4-10
Check: compiled code
Result: NOTE
File ‘tmvtnorm/libs/tmvtnorm.so’:
Found no calls to: ‘R_registerRoutines’, ‘R_useDynamicSymbols’
It is good practice to register native routines and to disable symbol
search.
See ‘Writing portable packages’ in the ‘Writing R Extensions’ manual.
Flavors: r-devel-linux-x86_64-fedora-clang, r-devel-linux-x86_64-fedora-gcc
Version: 1.4-10
Check: whether package can be installed
Result: WARN
Found the following significant warnings:
Rd warning: /tmp/RtmpIS0wCP/R.INSTALL186a249fa7ea/tmvtnorm/man/dtmvt.Rd:49: file link ‘dmvt’ in package ‘mvtnorm’ does not exist and so has been treated as a topic
Rd warning: /tmp/RtmpIS0wCP/R.INSTALL186a249fa7ea/tmvtnorm/man/dtmvt.Rd:49: file link ‘rmvt’ in package ‘mvtnorm’ does not exist and so has been treated as a topic
Rd warning: /tmp/RtmpIS0wCP/R.INSTALL186a249fa7ea/tmvtnorm/man/rtmvnorm.Rd:54: file link ‘rmvnorm’ in package ‘mvtnorm’ does not exist and so has been treated as a topic
Rd warning: /tmp/RtmpIS0wCP/R.INSTALL186a249fa7ea/tmvtnorm/man/rtmvnorm.Rd:146: file link ‘rmvnorm’ in package ‘mvtnorm’ does not exist and so has been treated as a topic
Rd warning: /tmp/RtmpIS0wCP/R.INSTALL186a249fa7ea/tmvtnorm/man/rtmvnorm.Rd:146: file link ‘dmvnorm’ in package ‘mvtnorm’ does not exist and so has been treated as a topic
Rd warning: /tmp/RtmpIS0wCP/R.INSTALL186a249fa7ea/tmvtnorm/man/rtmvt.Rd:38: file link ‘rmvt’ in package ‘mvtnorm’ does not exist and so has been treated as a topic
Rd warning: /tmp/RtmpIS0wCP/R.INSTALL186a249fa7ea/tmvtnorm/man/tmvnorm.Rd:47: file link ‘rmvnorm’ in package ‘mvtnorm’ does not exist and so has been treated as a topic
Rd warning: /tmp/RtmpIS0wCP/R.INSTALL186a249fa7ea/tmvtnorm/man/tmvnorm.Rd:47: file link ‘dmvnorm’ in package ‘mvtnorm’ does not exist and so has been treated as a topic
Flavor: r-patched-linux-x86_64