CRAN Package Check Results for Package toOrdinal

Last updated on 2020-04-02 05:49:05 CEST.

Flavor Version Tinstall Tcheck Ttotal Status Flags
r-devel-linux-x86_64-debian-clang 1.1-0.0 2.34 26.38 28.72 OK
r-devel-linux-x86_64-debian-gcc 1.1-0.0 1.84 21.36 23.20 OK
r-devel-linux-x86_64-fedora-clang 1.1-0.0 36.93 OK
r-devel-linux-x86_64-fedora-gcc 1.1-0.0 35.38 OK
r-devel-windows-ix86+x86_64 1.1-0.0 6.00 37.00 43.00 OK
r-devel-windows-ix86+x86_64-gcc8 1.1-0.0 9.00 43.00 52.00 OK
r-patched-linux-x86_64 1.1-0.0 2.07 26.01 28.08 OK
r-patched-solaris-x86 1.1-0.0 58.00 WARN
r-release-linux-x86_64 1.1-0.0 1.58 24.16 25.74 OK
r-release-windows-ix86+x86_64 1.1-0.0 5.00 42.00 47.00 OK
r-release-osx-x86_64 1.1-0.0 WARN
r-oldrel-windows-ix86+x86_64 1.1-0.0 3.00 43.00 46.00 OK
r-oldrel-osx-x86_64 1.1-0.0 WARN

Check Details

Version: 1.1-0.0
Check: re-building of vignette outputs
Result: WARN
    Error(s) in re-building vignettes:
     ...
    --- re-building ‘toOrdinal.Rmd’ using rmarkdown
    Warning in engine$weave(file, quiet = quiet, encoding = enc) :
     Pandoc (>= 1.12.3) and/or pandoc-citeproc not available. Falling back to R Markdown v1.
    Quitting from lines 13-26 (toOrdinal.Rmd)
    Error: processing vignette 'toOrdinal.Rmd' failed with diagnostics:
    argument is of length zero
    --- failed re-building ‘toOrdinal.Rmd’
    
    SUMMARY: processing the following file failed:
     ‘toOrdinal.Rmd’
    
    Error: Vignette re-building failed.
    Execution halted
Flavors: r-patched-solaris-x86, r-release-osx-x86_64

Version: 1.1-0.0
Check: re-building of vignette outputs
Result: WARN
    Error in re-building vignettes:
     ...
    Warning in engine$weave(file, quiet = quiet, encoding = enc) :
     Pandoc (>= 1.12.3) and/or pandoc-citeproc not available. Falling back to R Markdown v1.
    Quitting from lines 13-26 (toOrdinal.Rmd)
    Error: processing vignette 'toOrdinal.Rmd' failed with diagnostics:
    argument is of length zero
    Execution halted
Flavor: r-oldrel-osx-x86_64