Last updated on 2023-03-28 10:51:51 CEST.
Flavor | Version | Tinstall | Tcheck | Ttotal | Status | Flags |
---|---|---|---|---|---|---|
r-devel-linux-x86_64-debian-clang | 0.2.1 | 5.93 | 68.99 | 74.92 | OK | |
r-devel-linux-x86_64-debian-gcc | 0.2.1 | 4.28 | 53.53 | 57.81 | OK | |
r-devel-linux-x86_64-fedora-clang | 0.2.1 | 93.94 | NOTE | |||
r-devel-linux-x86_64-fedora-gcc | 0.2.1 | 101.79 | NOTE | |||
r-patched-linux-x86_64 | 0.2.1 | 6.34 | 66.17 | 72.51 | OK | |
r-release-linux-x86_64 | 0.2.1 | 6.33 | 65.11 | 71.44 | OK | |
r-release-macos-arm64 | 0.2.1 | 30.00 | NOTE | |||
r-release-macos-x86_64 | 0.2.1 | 58.00 | NOTE | |||
r-release-windows-x86_64 | 0.2.1 | 64.00 | 134.00 | 198.00 | OK | |
r-oldrel-macos-arm64 | 0.2.1 | 33.00 | NOTE | |||
r-oldrel-macos-x86_64 | 0.2.1 | 43.00 | NOTE | |||
r-oldrel-windows-ix86+x86_64 | 0.2.1 | 16.00 | 100.00 | 116.00 | OK |
Version: 0.2.1
Check: data for non-ASCII characters
Result: NOTE
Note: found 1 marked UTF-8 string
Flavors: r-devel-linux-x86_64-fedora-clang, r-devel-linux-x86_64-fedora-gcc, r-release-macos-arm64, r-release-macos-x86_64, r-oldrel-macos-arm64, r-oldrel-macos-x86_64