CRAN Package Check Results for Package tok

Last updated on 2024-02-21 12:53:15 CET.

Flavor Version Tinstall Tcheck Ttotal Status Flags
r-devel-linux-x86_64-debian-clang 0.1.1 OK
r-devel-linux-x86_64-debian-gcc 0.1.1 393.88 22.15 416.03 OK
r-devel-linux-x86_64-fedora-clang 0.1.1 746.62 NOTE
r-devel-linux-x86_64-fedora-gcc 0.1.1 741.32 OK
r-devel-windows-x86_64 0.1.1 68.00 125.00 193.00 NOTE
r-patched-linux-x86_64 0.1.1 498.81 27.65 526.46 OK
r-release-linux-x86_64 0.1.1 501.79 27.46 529.25 OK
r-release-macos-arm64 0.1.1 131.00 NOTE
r-release-macos-x86_64 0.1.1 138.00 NOTE
r-release-windows-x86_64 0.1.1 68.00 144.00 212.00 NOTE
r-oldrel-macos-arm64 0.1.1 119.00 NOTE
r-oldrel-windows-x86_64 0.1.1 100.00 123.00 223.00 WARN

Check Details

Version: 0.1.1
Check: installed package size
Result: NOTE installed size is 13.2Mb sub-directories of 1Mb or more: libs 13.0Mb Flavors: r-devel-linux-x86_64-fedora-clang, r-devel-windows-x86_64, r-release-macos-arm64, r-release-macos-x86_64, r-release-windows-x86_64, r-oldrel-macos-arm64, r-oldrel-windows-x86_64

Version: 0.1.1
Check: whether package can be installed
Result: WARN Found the following significant warnings: Warning: corrupt .drectve at end of def file Flavor: r-oldrel-windows-x86_64