Last updated on 2023-12-03 15:55:09 CET.
Flavor | Version | Tinstall | Tcheck | Ttotal | Status | Flags |
---|---|---|---|---|---|---|
r-devel-linux-x86_64-debian-clang | 0.1.0 | 4.84 | 42.67 | 47.51 | NOTE | |
r-devel-linux-x86_64-debian-gcc | 0.1.0 | 3.41 | 31.39 | 34.80 | NOTE | |
r-devel-linux-x86_64-fedora-clang | 0.1.0 | 59.16 | OK | |||
r-devel-linux-x86_64-fedora-gcc | 0.1.0 | 54.35 | OK | |||
r-devel-windows-x86_64 | 0.1.0 | 4.00 | 52.00 | 56.00 | OK | |
r-patched-linux-x86_64 | 0.1.0 | 4.60 | 39.93 | 44.53 | OK | |
r-release-linux-x86_64 | 0.1.0 | 3.78 | 39.82 | 43.60 | OK | |
r-release-macos-arm64 | 0.1.0 | 22.00 | OK | |||
r-release-macos-x86_64 | 0.1.0 | 27.00 | OK | |||
r-release-windows-x86_64 | 0.1.0 | 5.00 | 52.00 | 57.00 | OK | |
r-oldrel-macos-arm64 | 0.1.0 | 20.00 | OK | |||
r-oldrel-macos-x86_64 | 0.1.0 | 30.00 | OK | |||
r-oldrel-windows-x86_64 | 0.1.0 | 6.00 | 57.00 | 63.00 | OK |
Version: 0.1.0
Check: Rd files
Result: NOTE
checkRd: (-1) getSegsExtra.Rd:14: Lost braces
14 | \item{data}{data.table returned from function /code{tdtr}}
| ^
Flavors: r-devel-linux-x86_64-debian-clang, r-devel-linux-x86_64-debian-gcc