CRAN Package Check Results for Package topicdoc

Last updated on 2024-02-24 19:50:56 CET.

Flavor Version Tinstall Tcheck Ttotal Status Flags
r-devel-linux-x86_64-debian-clang 0.1.1 4.95 123.56 128.51 OK
r-devel-linux-x86_64-debian-gcc 0.1.1 3.57 82.48 86.05 OK
r-devel-linux-x86_64-fedora-clang 0.1.1 158.42 OK
r-devel-linux-x86_64-fedora-gcc 0.1.1 173.64 OK
r-devel-windows-x86_64 0.1.1 5.00 168.00 173.00 OK
r-patched-linux-x86_64 0.1.1 5.28 122.89 128.17 OK
r-release-linux-x86_64 0.1.1 4.29 122.53 126.82 OK
r-release-macos-arm64 0.1.1 71.00 OK
r-release-macos-x86_64 0.1.1 118.00 NOTE
r-release-windows-x86_64 0.1.1 7.00 164.00 171.00 OK
r-oldrel-macos-arm64 0.1.1 66.00 OK
r-oldrel-windows-x86_64 0.1.1 7.00 163.00 170.00 OK

Check Details

Version: 0.1.1
Check: package dependencies
Result: NOTE Package suggested but not available for checking: ‘stm’ Flavor: r-release-macos-x86_64

Version: 0.1.1
Check: Rd cross-references
Result: NOTE Package unavailable to check Rd xrefs: ‘stm’ Flavor: r-release-macos-x86_64