CRAN Package Check Results for Package topicmodels

Last updated on 2020-08-03 14:48:44 CEST.

Flavor Version Tinstall Tcheck Ttotal Status Flags
r-devel-linux-x86_64-debian-clang 0.2-11 15.56 114.47 130.03 NOTE
r-devel-linux-x86_64-debian-gcc 0.2-11 10.39 86.37 96.76 NOTE
r-devel-linux-x86_64-fedora-clang 0.2-11 167.33 NOTE
r-devel-linux-x86_64-fedora-gcc 0.2-11 164.91 NOTE
r-devel-windows-ix86+x86_64 0.2-11 47.00 186.00 233.00 NOTE
r-patched-linux-x86_64 0.2-11 11.87 115.69 127.56 NOTE
r-patched-solaris-x86 0.2-11 321.50 NOTE
r-release-linux-x86_64 0.2-11 12.60 113.42 126.02 NOTE
r-release-macos-x86_64 0.2-11 NOTE
r-release-windows-ix86+x86_64 0.2-11 49.00 231.00 280.00 NOTE
r-oldrel-macos-x86_64 0.2-11 NOTE
r-oldrel-windows-ix86+x86_64 0.2-11 34.00 239.00 273.00 NOTE

Check Details

Version: 0.2-11
Check: package dependencies
Result: NOTE
    Package suggested but not available for checking: 'corpus.JSS.papers'
Flavors: r-devel-linux-x86_64-debian-clang, r-devel-linux-x86_64-debian-gcc, r-devel-linux-x86_64-fedora-clang, r-devel-linux-x86_64-fedora-gcc, r-devel-windows-ix86+x86_64, r-patched-linux-x86_64, r-patched-solaris-x86, r-release-linux-x86_64, r-release-macos-x86_64, r-release-windows-ix86+x86_64, r-oldrel-macos-x86_64, r-oldrel-windows-ix86+x86_64