CRAN Package Check Results for Package topicmodels

Last updated on 2022-01-24 17:50:12 CET.

Flavor Version Tinstall Tcheck Ttotal Status Flags
r-devel-linux-x86_64-debian-clang 0.2-12 13.24 146.84 160.08 NOTE
r-devel-linux-x86_64-debian-gcc 0.2-12 9.14 108.95 118.09 NOTE
r-devel-linux-x86_64-fedora-clang 0.2-12 201.61 NOTE
r-devel-linux-x86_64-fedora-gcc 0.2-12 187.08 NOTE
r-devel-windows-x86_64-new-UL 0.2-12 56.00 252.00 308.00 NOTE
r-devel-windows-x86_64-new-TK 0.2-12 NOTE
r-patched-linux-x86_64 0.2-12 11.50 133.29 144.79 NOTE
r-release-linux-x86_64 0.2-12 11.98 135.47 147.45 NOTE
r-release-macos-arm64 0.2-12 NOTE
r-release-macos-x86_64 0.2-12 NOTE
r-release-windows-ix86+x86_64 0.2-12 39.00 231.00 270.00 NOTE
r-oldrel-macos-x86_64 0.2-12 NOTE
r-oldrel-windows-ix86+x86_64 0.2-12 40.00 230.00 270.00 NOTE

Check Details

Version: 0.2-12
Check: package dependencies
Result: NOTE
    Package suggested but not available for checking: 'corpus.JSS.papers'
Flavors: r-devel-linux-x86_64-debian-clang, r-devel-linux-x86_64-debian-gcc, r-devel-linux-x86_64-fedora-clang, r-devel-linux-x86_64-fedora-gcc, r-devel-windows-x86_64-new-UL, r-devel-windows-x86_64-new-TK, r-patched-linux-x86_64, r-release-linux-x86_64, r-release-macos-arm64, r-release-macos-x86_64, r-release-windows-ix86+x86_64, r-oldrel-macos-x86_64, r-oldrel-windows-ix86+x86_64