Last updated on 2023-06-07 21:01:35 CEST.
Flavor | Version | Tinstall | Tcheck | Ttotal | Status | Flags |
---|---|---|---|---|---|---|
r-devel-linux-x86_64-debian-clang | 1.4.7 | 58.55 | 530.17 | 588.72 | OK | |
r-devel-linux-x86_64-debian-gcc | 1.4.7 | 50.83 | 405.33 | 456.16 | OK | |
r-devel-linux-x86_64-fedora-clang | 1.4.7 | 768.37 | OK | |||
r-devel-linux-x86_64-fedora-gcc | 1.4.7 | 730.71 | OK | |||
r-devel-windows-x86_64 | 1.4.7 | 51.00 | 341.00 | 392.00 | OK | |
r-patched-linux-x86_64 | 1.4.7 | 53.24 | 505.29 | 558.53 | OK | |
r-release-linux-x86_64 | 1.4.7 | 49.97 | 502.71 | 552.68 | OK | |
r-release-macos-arm64 | 1.4.7 | 200.00 | OK | |||
r-release-macos-x86_64 | 1.4.7 | 388.00 | OK | |||
r-release-windows-x86_64 | 1.4.7 | 69.00 | 449.00 | 518.00 | OK | |
r-oldrel-macos-arm64 | 1.4.7 | 183.00 | OK | |||
r-oldrel-macos-x86_64 | 1.4.7 | 10.00 | ERROR | |||
r-oldrel-windows-x86_64 | 1.4.7 | 68.00 | 409.00 | 477.00 | OK |
Version: 1.4.7
Check: package dependencies
Result: ERROR
Package required but not available: ‘qpgraph’
See section ‘The DESCRIPTION file’ in the ‘Writing R Extensions’
manual.
Flavor: r-oldrel-macos-x86_64