Last updated on 2023-06-09 02:52:28 CEST.
Flavor | Version | Tinstall | Tcheck | Ttotal | Status | Flags |
---|---|---|---|---|---|---|
r-devel-linux-x86_64-debian-clang | 1.0.2 | 44.27 | 30.07 | 74.34 | OK | |
r-devel-linux-x86_64-debian-gcc | 1.0.2 | 39.81 | 24.52 | 64.33 | OK | |
r-devel-linux-x86_64-fedora-clang | 1.0.2 | 102.26 | NOTE | |||
r-devel-linux-x86_64-fedora-gcc | 1.0.2 | 102.84 | OK | |||
r-devel-windows-x86_64 | 1.0.2 | 40.00 | 48.00 | 88.00 | NOTE | |
r-patched-linux-x86_64 | 1.0.2 | 46.14 | 30.18 | 76.32 | OK | |
r-release-linux-x86_64 | 1.0.2 | 43.27 | 29.48 | 72.75 | OK | |
r-release-macos-arm64 | 1.0.2 | 55.00 | NOTE | |||
r-release-macos-x86_64 | 1.0.2 | 73.00 | NOTE | |||
r-release-windows-x86_64 | 1.0.2 | 43.00 | 50.00 | 93.00 | NOTE | |
r-oldrel-macos-arm64 | 1.0.2 | 59.00 | NOTE | |||
r-oldrel-macos-x86_64 | 1.0.2 | 60.00 | NOTE | |||
r-oldrel-windows-x86_64 | 1.0.2 | 57.00 | 56.00 | 113.00 | NOTE |
Version: 1.0.2
Check: installed package size
Result: NOTE
installed size is 7.3Mb
sub-directories of 1Mb or more:
data 7.2Mb
Flavors: r-devel-linux-x86_64-fedora-clang, r-devel-windows-x86_64, r-release-macos-arm64, r-release-macos-x86_64, r-release-windows-x86_64, r-oldrel-macos-arm64, r-oldrel-macos-x86_64, r-oldrel-windows-x86_64