CRAN Package Check Results for Package tosls

Last updated on 2021-09-25 01:50:35 CEST.

Flavor Version Tinstall Tcheck Ttotal Status Flags
r-devel-linux-x86_64-debian-clang 1.0 1.84 21.17 23.01 NOTE
r-devel-linux-x86_64-debian-gcc 1.0 1.53 16.69 18.22 NOTE
r-devel-linux-x86_64-fedora-clang 1.0 37.54 NOTE
r-devel-linux-x86_64-fedora-gcc 1.0 26.47 NOTE
r-devel-windows-x86_64 1.0 3.00 28.00 31.00 NOTE
r-devel-windows-x86_64-gcc10-UCRT 1.0 NOTE
r-patched-linux-x86_64 1.0 1.93 20.36 22.29 NOTE
r-patched-solaris-x86 1.0 42.90 NOTE
r-release-linux-x86_64 1.0 1.54 20.60 22.14 NOTE
r-release-macos-arm64 1.0 NOTE
r-release-macos-x86_64 1.0 NOTE
r-release-windows-ix86+x86_64 1.0 4.00 28.00 32.00 NOTE
r-oldrel-macos-x86_64 1.0 NOTE
r-oldrel-windows-ix86+x86_64 1.0 3.00 26.00 29.00 NOTE

Check Details

Version: 1.0
Check: DESCRIPTION meta-information
Result: NOTE
    Malformed Description field: should contain one or more complete sentences.
Flavors: r-devel-linux-x86_64-debian-clang, r-devel-linux-x86_64-debian-gcc, r-devel-linux-x86_64-fedora-clang, r-devel-linux-x86_64-fedora-gcc, r-devel-windows-x86_64, r-devel-windows-x86_64-gcc10-UCRT, r-patched-linux-x86_64, r-patched-solaris-x86, r-release-linux-x86_64, r-release-macos-arm64, r-release-macos-x86_64, r-release-windows-ix86+x86_64, r-oldrel-macos-x86_64, r-oldrel-windows-ix86+x86_64

Version: 1.0
Check: R code for possible problems
Result: NOTE
    Tosls.formula: no visible global function definition for 'model.matrix'
    Tosls.formula: no visible global function definition for
     'model.response'
    summary: no visible global function definition for 'coef'
    summary: no visible global function definition for 'pt'
    Undefined global functions or variables:
     coef model.matrix model.response pt
    Consider adding
     importFrom("stats", "coef", "model.matrix", "model.response", "pt")
    to your NAMESPACE file.
Flavors: r-devel-linux-x86_64-debian-clang, r-devel-linux-x86_64-debian-gcc, r-devel-linux-x86_64-fedora-clang, r-devel-linux-x86_64-fedora-gcc, r-devel-windows-x86_64, r-devel-windows-x86_64-gcc10-UCRT, r-patched-linux-x86_64, r-patched-solaris-x86, r-release-linux-x86_64, r-release-macos-arm64, r-release-macos-x86_64, r-release-windows-ix86+x86_64, r-oldrel-macos-x86_64, r-oldrel-windows-ix86+x86_64