CRAN Package Check Results for Package totalcensus

Last updated on 2020-04-01 07:51:24 CEST.

Flavor Version Tinstall Tcheck Ttotal Status Flags
r-devel-linux-x86_64-debian-clang 0.6.3 15.23 58.21 73.44 OK
r-devel-linux-x86_64-debian-gcc 0.6.3 16.17 45.15 61.32 OK
r-devel-linux-x86_64-fedora-clang 0.6.3 94.73 NOTE
r-devel-linux-x86_64-fedora-gcc 0.6.3 92.38 NOTE
r-devel-windows-ix86+x86_64 0.6.3 29.00 62.00 91.00 NOTE
r-devel-windows-ix86+x86_64-gcc8 0.6.3 24.00 66.00 90.00 NOTE
r-patched-linux-x86_64 0.6.3 16.24 56.36 72.60 OK
r-patched-solaris-x86 0.6.3 145.30 NOTE
r-release-linux-x86_64 0.6.3 16.51 52.42 68.93 OK
r-release-windows-ix86+x86_64 0.6.3 24.00 70.00 94.00 NOTE
r-release-osx-x86_64 0.6.3 NOTE
r-oldrel-windows-ix86+x86_64 0.6.3 29.00 92.00 121.00 NOTE
r-oldrel-osx-x86_64 0.6.3 NOTE

Check Details

Version: 0.6.3
Check: installed package size
Result: NOTE
     installed size is 5.1Mb
     sub-directories of 1Mb or more:
     data 4.7Mb
Flavors: r-devel-linux-x86_64-fedora-clang, r-devel-windows-ix86+x86_64, r-devel-windows-ix86+x86_64-gcc8, r-patched-solaris-x86, r-release-windows-ix86+x86_64, r-release-osx-x86_64, r-oldrel-windows-ix86+x86_64, r-oldrel-osx-x86_64

Version: 0.6.3
Check: data for non-ASCII characters
Result: NOTE
     Note: found 64 marked Latin-1 strings
     Note: found 548 marked UTF-8 strings
Flavors: r-devel-linux-x86_64-fedora-clang, r-devel-linux-x86_64-fedora-gcc, r-patched-solaris-x86, r-release-osx-x86_64, r-oldrel-osx-x86_64