CRAN Package Check Results for Package touch

Last updated on 2023-04-01 20:51:03 CEST.

Flavor Version Tinstall Tcheck Ttotal Status Flags
r-devel-linux-x86_64-debian-clang 0.1-6 36.72 43.16 79.88 NOTE
r-devel-linux-x86_64-debian-gcc 0.1-6 27.36 34.80 62.16 NOTE
r-devel-linux-x86_64-fedora-clang 0.1-6 110.32 NOTE
r-devel-linux-x86_64-fedora-gcc 0.1-6 100.19 NOTE
r-patched-linux-x86_64 0.1-6 29.26 41.43 70.69 NOTE
r-release-linux-x86_64 0.1-6 27.14 40.22 67.36 OK
r-release-macos-arm64 0.1-6 33.00 OK
r-release-macos-x86_64 0.1-6 45.00 OK
r-release-windows-x86_64 0.1-6 46.00 97.00 143.00 OK
r-oldrel-macos-arm64 0.1-6 32.00 OK
r-oldrel-macos-x86_64 0.1-6 48.00 OK
r-oldrel-windows-ix86+x86_64 0.1-6 82.00 99.00 181.00 OK

Check Details

Version: 0.1-6
Check: C++ specification
Result: NOTE
     Specified C++11: please drop specification unless essential
Flavors: r-devel-linux-x86_64-debian-clang, r-devel-linux-x86_64-debian-gcc, r-devel-linux-x86_64-fedora-clang, r-devel-linux-x86_64-fedora-gcc, r-patched-linux-x86_64