CRAN Package Check Results for Package toxtestD

Last updated on 2020-04-03 21:47:41 CEST.

Flavor Version Tinstall Tcheck Ttotal Status Flags
r-devel-linux-x86_64-debian-clang 2.0 3.10 32.82 35.92 NOTE
r-devel-linux-x86_64-debian-gcc 2.0 2.62 24.44 27.06 NOTE
r-devel-linux-x86_64-fedora-clang 2.0 47.08 NOTE
r-devel-linux-x86_64-fedora-gcc 2.0 43.09 NOTE
r-devel-windows-ix86+x86_64 2.0 7.00 58.00 65.00 NOTE
r-devel-windows-ix86+x86_64-gcc8 2.0 7.00 41.00 48.00 NOTE
r-patched-linux-x86_64 2.0 2.77 32.55 35.32 NOTE
r-patched-solaris-x86 2.0 64.60 NOTE
r-release-linux-x86_64 2.0 2.74 30.55 33.29 NOTE
r-release-windows-ix86+x86_64 2.0 5.00 57.00 62.00 NOTE
r-release-osx-x86_64 2.0 NOTE
r-oldrel-windows-ix86+x86_64 2.0 4.00 38.00 42.00 NOTE
r-oldrel-osx-x86_64 2.0 NOTE

Check Details

Version: 2.0
Check: R code for possible problems
Result: NOTE
    ConfA: no visible global function definition for 'qf'
    EstM2Sn: no visible global function definition for 'nlm'
    EstM2Sn: no visible global function definition for 'qnorm'
    TV.model: no visible global function definition for 'dev.new'
    TV.model: no visible global function definition for 'points'
    betaBino: no visible global function definition for 'pbinom'
    doseD: no visible global function definition for 'lm'
    doseD: no visible global function definition for 'dev.new'
    doseD: no visible global function definition for 'par'
    doseD: no visible global function definition for 'axTicks'
    doseD: no visible global function definition for 'axis'
    doseD: no visible global function definition for 'lines'
    doseD: no visible global function definition for 'abline'
    doseD: no visible global function definition for 'legend'
    setD: no visible global function definition for 'dev.new'
    setD: no visible global function definition for 'par'
    setD: no visible global function definition for 'pbinom'
    setD: no visible global function definition for 'abline'
    setD: no visible global function definition for 'axis'
    setD: no visible global function definition for 'rect'
    setD: no visible global function definition for 'lines'
    setD: no visible global function definition for 'text'
    setD: no visible global function definition for 'axTicks'
    setD: no visible global function definition for 'legend'
    spoD : spoD_A: no visible global function definition for 'chisq.test'
    Undefined global functions or variables:
     abline axTicks axis chisq.test dev.new legend lines lm nlm par pbinom
     points qf qnorm rect text
    Consider adding
     importFrom("grDevices", "dev.new")
     importFrom("graphics", "abline", "axTicks", "axis", "legend", "lines",
     "par", "points", "rect", "text")
     importFrom("stats", "chisq.test", "lm", "nlm", "pbinom", "qf", "qnorm")
    to your NAMESPACE file.
Flavors: r-devel-linux-x86_64-debian-clang, r-devel-linux-x86_64-debian-gcc, r-devel-linux-x86_64-fedora-clang, r-devel-linux-x86_64-fedora-gcc, r-devel-windows-ix86+x86_64, r-devel-windows-ix86+x86_64-gcc8, r-patched-linux-x86_64, r-patched-solaris-x86

Version: 2.0
Check: for non-standard things in the check directory
Result: NOTE
    Found the following files/directories:
     '01_spontaneous lethality.txt' '02.sample size.txt'
     '03.dosestrategy.txt' 'doseD4.txt' 'setD.txt' 'spoDa.txt' 'spoDb.txt'
Flavors: r-devel-linux-x86_64-debian-clang, r-devel-linux-x86_64-debian-gcc, r-devel-linux-x86_64-fedora-clang, r-devel-linux-x86_64-fedora-gcc, r-patched-linux-x86_64, r-patched-solaris-x86

Version: 2.0
Check: R code for possible problems
Result: NOTE
    ConfA: no visible global function definition for ‘qf’
    EstM2Sn: no visible global function definition for ‘nlm’
    EstM2Sn: no visible global function definition for ‘qnorm’
    TV.model: no visible global function definition for ‘dev.new’
    TV.model: no visible global function definition for ‘points’
    betaBino: no visible global function definition for ‘pbinom’
    doseD: no visible global function definition for ‘lm’
    doseD: no visible global function definition for ‘dev.new’
    doseD: no visible global function definition for ‘par’
    doseD: no visible global function definition for ‘plot’
    doseD: no visible global function definition for ‘axTicks’
    doseD: no visible global function definition for ‘axis’
    doseD: no visible global function definition for ‘lines’
    doseD: no visible global function definition for ‘abline’
    doseD: no visible global function definition for ‘legend’
    setD: no visible global function definition for ‘dev.new’
    setD: no visible global function definition for ‘par’
    setD: no visible global function definition for ‘pbinom’
    setD: no visible global function definition for ‘abline’
    setD: no visible global function definition for ‘axis’
    setD: no visible global function definition for ‘rect’
    setD: no visible global function definition for ‘lines’
    setD: no visible global function definition for ‘text’
    setD: no visible global function definition for ‘axTicks’
    setD: no visible global function definition for ‘legend’
    spoD : spoD_A: no visible global function definition for ‘chisq.test’
    Undefined global functions or variables:
     abline axTicks axis chisq.test dev.new legend lines lm nlm par pbinom
     plot points qf qnorm rect text
    Consider adding
     importFrom("grDevices", "dev.new")
     importFrom("graphics", "abline", "axTicks", "axis", "legend", "lines",
     "par", "plot", "points", "rect", "text")
     importFrom("stats", "chisq.test", "lm", "nlm", "pbinom", "qf", "qnorm")
    to your NAMESPACE file.
Flavors: r-release-linux-x86_64, r-release-windows-ix86+x86_64, r-release-osx-x86_64, r-oldrel-windows-ix86+x86_64, r-oldrel-osx-x86_64