CRAN Package Check Results for Package tpAUC

Last updated on 2023-06-05 08:53:43 CEST.

Flavor Version Tinstall Tcheck Ttotal Status Flags
r-devel-linux-x86_64-debian-clang 2.1.1 3.79 35.87 39.66 NOTE
r-devel-linux-x86_64-debian-gcc 2.1.1 2.80 28.44 31.24 NOTE
r-devel-linux-x86_64-fedora-clang 2.1.1 50.14 NOTE
r-devel-linux-x86_64-fedora-gcc 2.1.1 59.77 NOTE
r-devel-windows-x86_64 2.1.1 4.00 57.00 61.00 NOTE
r-patched-linux-x86_64 2.1.1 2.73 34.89 37.62 NOTE
r-release-linux-x86_64 2.1.1 3.28 34.96 38.24 NOTE
r-release-macos-arm64 2.1.1 26.00 NOTE
r-release-macos-x86_64 2.1.1 38.00 NOTE
r-release-windows-x86_64 2.1.1 7.00 55.00 62.00 NOTE
r-oldrel-macos-arm64 2.1.1 21.00 NOTE
r-oldrel-macos-x86_64 2.1.1 28.00 NOTE
r-oldrel-windows-x86_64 2.1.1 6.00 61.00 67.00 NOTE

Check Details

Version: 2.1.1
Check: LazyData
Result: NOTE
     'LazyData' is specified without a 'data' directory
Flavors: r-devel-linux-x86_64-debian-clang, r-devel-linux-x86_64-debian-gcc, r-devel-linux-x86_64-fedora-clang, r-devel-linux-x86_64-fedora-gcc, r-devel-windows-x86_64, r-patched-linux-x86_64, r-release-linux-x86_64, r-release-macos-arm64, r-release-macos-x86_64, r-release-windows-x86_64, r-oldrel-macos-arm64, r-oldrel-macos-x86_64, r-oldrel-windows-x86_64