CRAN Package Check Results for Package tpAUC

Last updated on 2022-05-24 00:51:55 CEST.

Flavor Version Tinstall Tcheck Ttotal Status Flags
r-devel-linux-x86_64-debian-clang 2.1.1 2.30 45.59 47.89 NOTE
r-devel-linux-x86_64-debian-gcc 2.1.1 2.83 35.44 38.27 NOTE
r-devel-linux-x86_64-fedora-clang 2.1.1 59.03 NOTE
r-devel-linux-x86_64-fedora-gcc 2.1.1 47.96 NOTE
r-devel-windows-x86_64 2.1.1 15.00 82.00 97.00 NOTE
r-patched-linux-x86_64 2.1.1 3.88 43.76 47.64 NOTE
r-release-linux-x86_64 2.1.1 NOTE
r-release-macos-arm64 2.1.1 21.00 NOTE
r-release-macos-x86_64 2.1.1 28.00 NOTE
r-release-windows-x86_64 2.1.1 18.00 72.00 90.00 NOTE
r-oldrel-macos-arm64 2.1.1 25.00 NOTE
r-oldrel-macos-x86_64 2.1.1 38.00 NOTE
r-oldrel-windows-ix86+x86_64 2.1.1 9.00 56.00 65.00 NOTE

Check Details

Version: 2.1.1
Check: LazyData
Result: NOTE
     'LazyData' is specified without a 'data' directory
Flavors: r-devel-linux-x86_64-debian-clang, r-devel-linux-x86_64-debian-gcc, r-devel-linux-x86_64-fedora-clang, r-devel-linux-x86_64-fedora-gcc, r-devel-windows-x86_64, r-patched-linux-x86_64, r-release-linux-x86_64, r-release-macos-arm64, r-release-macos-x86_64, r-release-windows-x86_64, r-oldrel-macos-arm64, r-oldrel-macos-x86_64, r-oldrel-windows-ix86+x86_64