CRAN Package Check Results for Package tracer

Last updated on 2023-12-11 02:48:37 CET.

Flavor Version Tinstall Tcheck Ttotal Status Flags
r-devel-linux-x86_64-debian-clang 1.0.0 2.49 26.91 29.40 NOTE
r-devel-linux-x86_64-debian-gcc 1.0.0 2.00 20.45 22.45 NOTE
r-devel-linux-x86_64-fedora-clang 1.0.0 36.30 NOTE
r-devel-linux-x86_64-fedora-gcc 1.0.0 34.02 NOTE
r-devel-windows-x86_64 1.0.0 2.00 41.00 43.00 NOTE
r-patched-linux-x86_64 1.0.0 2.55 25.77 28.32 NOTE
r-release-linux-x86_64 1.0.0 2.42 25.61 28.03 NOTE
r-release-macos-arm64 1.0.0 22.00 NOTE
r-release-macos-x86_64 1.0.0 31.00 NOTE
r-release-windows-x86_64 1.0.0 3.00 43.00 46.00 NOTE
r-oldrel-macos-arm64 1.0.0 23.00 NOTE
r-oldrel-macos-x86_64 1.0.0 28.00 NOTE
r-oldrel-windows-x86_64 1.0.0 5.00 45.00 50.00 NOTE

Check Details

Version: 1.0.0
Check: LazyData
Result: NOTE 'LazyData' is specified without a 'data' directory Flavors: r-devel-linux-x86_64-debian-clang, r-devel-linux-x86_64-debian-gcc, r-devel-linux-x86_64-fedora-clang, r-devel-linux-x86_64-fedora-gcc, r-devel-windows-x86_64, r-patched-linux-x86_64, r-release-linux-x86_64, r-release-macos-arm64, r-release-macos-x86_64, r-release-windows-x86_64, r-oldrel-macos-arm64, r-oldrel-macos-x86_64, r-oldrel-windows-x86_64