CRAN Package Check Results for Package tractor.base

Last updated on 2019-03-23 23:54:21 CET.

Flavor Version Tinstall Tcheck Ttotal Status Flags
r-devel-linux-x86_64-debian-clang 3.3.0 8.99 55.81 64.80 OK
r-devel-linux-x86_64-debian-gcc 3.3.0 7.40 43.47 50.87 OK
r-devel-linux-x86_64-fedora-clang 3.3.0 80.31 OK
r-devel-linux-x86_64-fedora-gcc 3.3.0 78.87 OK
r-devel-windows-ix86+x86_64 3.3.0 20.00 84.00 104.00 OK
r-patched-linux-x86_64 3.3.0 7.66 52.17 59.83 OK
r-patched-solaris-x86 3.3.0 112.30 OK
r-release-linux-x86_64 3.3.0 0.55 2.35 2.90 ERROR
r-release-windows-ix86+x86_64 3.3.0 12.00 68.00 80.00 OK
r-release-osx-x86_64 3.3.0 OK
r-oldrel-windows-ix86+x86_64 3.3.0 7.00 90.00 97.00 OK
r-oldrel-osx-x86_64 3.3.0 OK

Check Details

Version: 3.3.0
Check: whether package can be installed
Result: ERROR
    Installation failed.
Flavor: r-release-linux-x86_64