CRAN Package Check Results for Package tractor.base

Last updated on 2021-04-15 02:47:56 CEST.

Flavor Version Tinstall Tcheck Ttotal Status Flags
r-devel-linux-x86_64-debian-clang 3.3.3.1 10.22 67.09 77.31 NOTE
r-devel-linux-x86_64-debian-gcc 3.3.3.1 8.32 50.95 59.27 NOTE
r-devel-linux-x86_64-fedora-clang 3.3.3.1 102.11 NOTE
r-devel-linux-x86_64-fedora-gcc 3.3.3.1 92.57 NOTE
r-devel-windows-ix86+x86_64 3.3.3.1 23.00 77.00 100.00 NOTE
r-devel-windows-x86_64-gcc10-UCRT 3.3.3.1 NOTE
r-patched-linux-x86_64 3.3.3.1 10.17 61.16 71.33 OK
r-patched-solaris-x86 3.3.3.1 134.80 OK
r-release-linux-x86_64 3.3.3.1 9.55 61.62 71.17 OK
r-release-macos-x86_64 3.3.3.1 OK
r-release-windows-ix86+x86_64 3.3.3.1 18.00 90.00 108.00 OK
r-oldrel-macos-x86_64 3.3.3.1 ERROR
r-oldrel-windows-ix86+x86_64 3.3.3.1 15.00 59.00 74.00 OK

Check Details

Version: 3.3.3.1
Check: LazyData
Result: NOTE
     'LazyData' is specified without a 'data' directory
Flavors: r-devel-linux-x86_64-debian-clang, r-devel-linux-x86_64-debian-gcc, r-devel-linux-x86_64-fedora-clang, r-devel-linux-x86_64-fedora-gcc, r-devel-windows-ix86+x86_64, r-devel-windows-x86_64-gcc10-UCRT

Version: 3.3.3.1
Check: tests
Result: ERROR
     Running ‘testthat.R’ [21s/15s]
    Running the tests in ‘tests/testthat.R’ failed.
    Last 13 lines of output:
     > library(testthat)
     > library(tractor.base)
     >
     > test_check("tractor.base")
     ══ Failed tests ════════════════════════════════════════════════════════════════
     ── Failure (test-30-misc.R:28:5): file functions work ──────────────────────────
     imageFileExists(temp) is not TRUE
    
     `actual`: FALSE
     `expected`: TRUE
    
     [ FAIL 1 | WARN 0 | SKIP 0 | PASS 119 ]
     Error: Test failures
     Execution halted
Flavor: r-oldrel-macos-x86_64