CRAN Package Check Results for Package tradestatistics

Last updated on 2022-06-30 17:49:58 CEST.

Flavor Version Tinstall Tcheck Ttotal Status Flags
r-devel-linux-x86_64-debian-clang 3.0.2 3.55 47.03 50.58 OK
r-devel-linux-x86_64-debian-gcc 3.0.2 2.95 35.60 38.55 OK
r-devel-linux-x86_64-fedora-clang 3.0.2 70.93 NOTE
r-devel-linux-x86_64-fedora-gcc 3.0.2 69.71 NOTE
r-devel-windows-x86_64 3.0.2 72.00 76.00 148.00 OK
r-patched-linux-x86_64 3.0.2 4.63 44.21 48.84 OK
r-release-linux-x86_64 3.0.2 4.16 44.72 48.88 OK
r-release-macos-arm64 3.0.2 22.00 NOTE
r-release-macos-x86_64 3.0.2 33.00 NOTE
r-release-windows-x86_64 3.0.2 51.00 74.00 125.00 OK
r-oldrel-macos-arm64 3.0.2 24.00 NOTE
r-oldrel-macos-x86_64 3.0.2 34.00 NOTE
r-oldrel-windows-ix86+x86_64 3.0.2 12.00 64.00 76.00 OK

Check Details

Version: 3.0.2
Check: data for non-ASCII characters
Result: NOTE
     Note: found 8 marked UTF-8 strings
Flavors: r-devel-linux-x86_64-fedora-clang, r-devel-linux-x86_64-fedora-gcc, r-release-macos-arm64, r-release-macos-x86_64, r-oldrel-macos-arm64, r-oldrel-macos-x86_64