CRAN Package Check Results for Package trafo

Last updated on 2020-10-01 03:48:58 CEST.

Flavor Version Tinstall Tcheck Ttotal Status Flags
r-devel-linux-x86_64-debian-clang 1.0.1 6.14 55.62 61.76 OK
r-devel-linux-x86_64-debian-gcc 1.0.1 0.43 2.73 3.16 ERROR
r-devel-linux-x86_64-fedora-clang 1.0.1 86.75 OK
r-devel-linux-x86_64-fedora-gcc 1.0.1 76.66 OK
r-devel-windows-ix86+x86_64 1.0.1 13.00 53.00 66.00 OK
r-patched-linux-x86_64 1.0.1 6.51 52.03 58.54 OK
r-patched-solaris-x86 1.0.1 110.30 OK
r-release-linux-x86_64 1.0.1 7.58 52.51 60.09 OK
r-release-macos-x86_64 1.0.1 OK
r-release-windows-ix86+x86_64 1.0.1 35.00 71.00 106.00 OK
r-oldrel-macos-x86_64 1.0.1 OK
r-oldrel-windows-ix86+x86_64 1.0.1 11.00 71.00 82.00 OK

Check Details

Version: 1.0.1
Check: whether package can be installed
Result: ERROR
    Installation failed.
Flavor: r-devel-linux-x86_64-debian-gcc